CRAN Package Check Results for Package OOBCurve

Last updated on 2021-05-11 08:48:21 CEST.

Flavor Version Tinstall Tcheck Ttotal Status Flags
r-devel-linux-x86_64-debian-clang 0.3 8.99 95.04 104.03 NOTE
r-devel-linux-x86_64-debian-gcc 0.3 7.40 72.64 80.04 NOTE
r-devel-linux-x86_64-fedora-clang 0.3 136.67 NOTE
r-devel-linux-x86_64-fedora-gcc 0.3 122.01 NOTE
r-devel-windows-ix86+x86_64 0.3 17.00 118.00 135.00 NOTE
r-devel-windows-x86_64-gcc10-UCRT 0.3 NOTE
r-patched-linux-x86_64 0.3 7.57 90.71 98.28 NOTE
r-patched-solaris-x86 0.3 180.10 NOTE
r-release-linux-x86_64 0.3 9.90 89.63 99.53 OK
r-release-macos-x86_64 0.3 NOTE
r-release-windows-ix86+x86_64 0.3 19.00 85.00 104.00 OK
r-oldrel-macos-x86_64 0.3 NOTE
r-oldrel-windows-ix86+x86_64 0.3 21.00 114.00 135.00 OK

Check Details

Version: 0.3
Check: LazyData
Result: NOTE
     'LazyData' is specified without a 'data' directory
Flavors: r-devel-linux-x86_64-debian-clang, r-devel-linux-x86_64-debian-gcc, r-devel-linux-x86_64-fedora-clang, r-devel-linux-x86_64-fedora-gcc, r-devel-windows-ix86+x86_64, r-devel-windows-x86_64-gcc10-UCRT, r-patched-linux-x86_64, r-patched-solaris-x86

Version: 0.3
Check: dependencies in R code
Result: NOTE
    Namespaces in Imports field not imported from:
     ‘randomForest’ ‘ranger’
     All declared Imports should be used.
Flavors: r-devel-linux-x86_64-fedora-clang, r-devel-linux-x86_64-fedora-gcc, r-devel-windows-x86_64-gcc10-UCRT, r-patched-solaris-x86, r-release-macos-x86_64, r-oldrel-macos-x86_64