CRAN Package Check Results for Package ORCI

Last updated on 2021-01-19 04:48:04 CET.

Flavor Version Tinstall Tcheck Ttotal Status Flags
r-devel-linux-x86_64-debian-clang 1.1 2.79 23.86 26.65 NOTE
r-devel-linux-x86_64-debian-gcc 1.1 2.12 19.58 21.70 NOTE
r-devel-linux-x86_64-fedora-clang 1.1 42.34 NOTE
r-devel-linux-x86_64-fedora-gcc 1.1 32.26 NOTE
r-devel-windows-ix86+x86_64 1.1 4.00 34.00 38.00 NOTE
r-patched-linux-x86_64 1.1 2.38 23.07 25.45 NOTE
r-patched-solaris-x86 1.1 46.90 NOTE
r-release-linux-x86_64 1.1 2.22 23.30 25.52 NOTE
r-release-macos-x86_64 1.1 NOTE
r-release-windows-ix86+x86_64 1.1 5.00 38.00 43.00 NOTE
r-oldrel-macos-x86_64 1.1 NOTE
r-oldrel-windows-ix86+x86_64 1.1 5.00 45.00 50.00 NOTE

Check Details

Version: 1.1
Check: R code for possible problems
Result: NOTE
    Agrestiind.CI: no visible global function definition for 'qnorm'
    BPexact.CI: no visible global function definition for 'uniroot'
    BPmidp.CI: no visible global function definition for 'uniroot'
    Cornfieldexact.CI: no visible global function definition for 'uniroot'
    Cornfieldmidp.CI: no visible global function definition for 'uniroot'
    Gart.CI: no visible global function definition for 'qnorm'
    Invsinh.CI: no visible global function definition for 'qnorm'
    Woolf.CI: no visible global function definition for 'qnorm'
    Undefined global functions or variables:
     qnorm uniroot
    Consider adding
     importFrom("stats", "qnorm", "uniroot")
    to your NAMESPACE file.
Flavors: r-devel-linux-x86_64-debian-clang, r-devel-linux-x86_64-debian-gcc, r-devel-linux-x86_64-fedora-clang, r-devel-linux-x86_64-fedora-gcc, r-devel-windows-ix86+x86_64, r-patched-linux-x86_64, r-patched-solaris-x86, r-release-linux-x86_64, r-release-macos-x86_64, r-release-windows-ix86+x86_64, r-oldrel-macos-x86_64, r-oldrel-windows-ix86+x86_64