CRAN Package Check Results for Package ORTSC

Last updated on 2022-01-25 12:55:42 CET.

Flavor Version Tinstall Tcheck Ttotal Status Flags
r-devel-linux-x86_64-debian-clang 1.0.0 3.15 43.84 46.99 NOTE
r-devel-linux-x86_64-debian-gcc 1.0.0 3.23 36.04 39.27 NOTE
r-devel-linux-x86_64-fedora-clang 1.0.0 56.27 NOTE
r-devel-linux-x86_64-fedora-gcc 1.0.0 46.19 NOTE
r-devel-windows-x86_64-new-UL 1.0.0 18.00 64.00 82.00 NOTE
r-devel-windows-x86_64-new-TK 1.0.0 NOTE
r-patched-linux-x86_64 1.0.0 3.10 40.24 43.34 NOTE
r-release-linux-x86_64 1.0.0 2.77 39.66 42.43 NOTE
r-release-macos-arm64 1.0.0 NOTE
r-release-macos-x86_64 1.0.0 NOTE
r-release-windows-ix86+x86_64 1.0.0 9.00 51.00 60.00 NOTE
r-oldrel-macos-x86_64 1.0.0 OK
r-oldrel-windows-ix86+x86_64 1.0.0 9.00 52.00 61.00 OK

Check Details

Version: 1.0.0
Check: LazyData
Result: NOTE
     'LazyData' is specified without a 'data' directory
Flavors: r-devel-linux-x86_64-debian-clang, r-devel-linux-x86_64-debian-gcc, r-devel-linux-x86_64-fedora-clang, r-devel-linux-x86_64-fedora-gcc, r-devel-windows-x86_64-new-UL, r-devel-windows-x86_64-new-TK, r-patched-linux-x86_64, r-release-linux-x86_64, r-release-macos-arm64, r-release-macos-x86_64, r-release-windows-ix86+x86_64