CRAN Package Check Results for Package OSCV

Last updated on 2021-10-17 10:49:23 CEST.

Flavor Version Tinstall Tcheck Ttotal Status Flags
r-devel-linux-x86_64-debian-clang 1.0 4.34 27.59 31.93 NOTE
r-devel-linux-x86_64-debian-gcc 1.0 2.89 21.49 24.38 NOTE
r-devel-linux-x86_64-fedora-clang 1.0 48.47 NOTE
r-devel-linux-x86_64-fedora-gcc 1.0 40.42 NOTE
r-devel-windows-x86_64 1.0 6.00 47.00 53.00 NOTE
r-devel-windows-x86_64-gcc10-UCRT 1.0 NOTE
r-patched-linux-x86_64 1.0 3.96 26.88 30.84 NOTE
r-patched-solaris-x86 1.0 54.80 NOTE
r-release-linux-x86_64 1.0 3.34 26.63 29.97 NOTE
r-release-macos-arm64 1.0 NOTE
r-release-macos-x86_64 1.0 NOTE
r-release-windows-ix86+x86_64 1.0 6.00 46.00 52.00 NOTE
r-oldrel-macos-x86_64 1.0 OK
r-oldrel-windows-ix86+x86_64 1.0 8.00 47.00 55.00 OK

Check Details

Version: 1.0
Check: LazyData
Result: NOTE
     'LazyData' is specified without a 'data' directory
Flavors: r-devel-linux-x86_64-debian-clang, r-devel-linux-x86_64-debian-gcc, r-devel-linux-x86_64-fedora-clang, r-devel-linux-x86_64-fedora-gcc, r-devel-windows-x86_64, r-devel-windows-x86_64-gcc10-UCRT, r-patched-linux-x86_64, r-patched-solaris-x86, r-release-linux-x86_64, r-release-macos-arm64, r-release-macos-x86_64, r-release-windows-ix86+x86_64