CRAN Package Check Results for Package OSDR

Last updated on 2021-12-08 15:50:52 CET.

Flavor Version Tinstall Tcheck Ttotal Status Flags
r-devel-linux-x86_64-debian-clang 1.1.3 1.88 32.27 34.15 OK
r-devel-linux-x86_64-debian-gcc 1.1.3 1.56 25.61 27.17 OK
r-devel-linux-x86_64-fedora-clang 1.1.3 42.99 NOTE
r-devel-linux-x86_64-fedora-gcc 1.1.3 32.03 OK
r-devel-windows-x86_64-new-UL 1.1.3 6.00 60.00 66.00 OK
r-devel-windows-x86_64-new-TK 1.1.3 OK
r-devel-windows-x86_64-old 1.1.3 5.00 43.00 48.00 OK
r-patched-linux-x86_64 1.1.3 2.08 31.30 33.38 OK
r-release-linux-x86_64 1.1.3 1.79 30.86 32.65 OK
r-release-macos-arm64 1.1.3 OK
r-release-macos-x86_64 1.1.3 OK
r-release-windows-ix86+x86_64 1.1.3 3.00 43.00 46.00 OK
r-oldrel-macos-x86_64 1.1.3 OK
r-oldrel-windows-ix86+x86_64 1.1.3 5.00 41.00 46.00 OK

Check Details

Version: 1.1.3
Check: Rd cross-references
Result: NOTE
    Undeclared package ‘maxmatching’ in Rd xrefs
Flavor: r-devel-linux-x86_64-fedora-clang