CRAN Package Check Results for Package OSMscale

Last updated on 2019-10-16 03:47:46 CEST.

Flavor Version Tinstall Tcheck Ttotal Status Flags
r-devel-linux-x86_64-debian-clang 0.5.1 11.07 92.66 103.73 OK
r-devel-linux-x86_64-debian-gcc 0.5.1 8.37 72.96 81.33 OK
r-devel-linux-x86_64-fedora-clang 0.5.1 136.29 OK
r-devel-linux-x86_64-fedora-gcc 0.5.1 127.79 OK
r-devel-windows-ix86+x86_64 0.5.1 12.00 5.00 17.00 ERROR
r-patched-linux-x86_64 0.5.1 10.40 89.78 100.18 OK
r-patched-solaris-x86 0.5.1 191.30 OK
r-release-linux-x86_64 0.5.1 11.24 90.19 101.43 OK
r-release-windows-ix86+x86_64 0.5.1 17.00 158.00 175.00 OK
r-release-osx-x86_64 0.5.1 OK
r-oldrel-windows-ix86+x86_64 0.5.1 13.00 93.00 106.00 OK
r-oldrel-osx-x86_64 0.5.1 OK

Check Details

Version: 0.5.1
Check: whether package can be installed
Result: ERROR
    Installation failed.
Flavor: r-devel-windows-ix86+x86_64