CRAN Package Check Results for Package OTRselect

Last updated on 2021-09-20 12:59:35 CEST.

Flavor Version Tinstall Tcheck Ttotal Status Flags
r-devel-linux-x86_64-debian-clang 1.0 7.14 61.08 68.22 OK
r-devel-linux-x86_64-debian-gcc 1.0 6.22 46.95 53.17 OK
r-devel-linux-x86_64-fedora-clang 1.0 90.02 OK
r-devel-linux-x86_64-fedora-gcc 1.0 80.85 OK
r-devel-windows-x86_64 1.0 8.00 62.00 70.00 OK
r-devel-windows-x86_64-gcc10-UCRT 1.0 ERROR
r-patched-linux-x86_64 1.0 6.78 59.56 66.34 OK
r-patched-solaris-x86 1.0 118.90 OK
r-release-linux-x86_64 1.0 5.93 58.75 64.68 OK
r-release-macos-arm64 1.0 OK
r-release-macos-x86_64 1.0 OK
r-release-windows-ix86+x86_64 1.0 16.00 80.00 96.00 OK
r-oldrel-macos-x86_64 1.0 OK
r-oldrel-windows-ix86+x86_64 1.0 15.00 66.00 81.00 OK

Check Details

Version: 1.0
Check: whether package can be installed
Result: WARN
    Found the following significant warnings:
     WARNING: installation-time patches will not be applied, could not get the patches index
Flavor: r-devel-windows-x86_64-gcc10-UCRT

Version: 1.0
Check: PDF version of manual
Result: WARN
    LaTeX errors when creating PDF version.
    This typically indicates Rd problems.
Flavor: r-devel-windows-x86_64-gcc10-UCRT

Version: 1.0
Check: PDF version of manual without hyperrefs or index
Result: ERROR
    Re-running with no redirection of stdout/stderr.
Flavor: r-devel-windows-x86_64-gcc10-UCRT