CRAN Package Check Results for Package OasisR

Last updated on 2020-07-12 14:47:44 CEST.

Flavor Version Tinstall Tcheck Ttotal Status Flags
r-devel-linux-x86_64-debian-clang 3.0.2 13.24 132.84 146.08 OK
r-devel-linux-x86_64-debian-gcc 3.0.2 10.34 107.16 117.50 OK
r-devel-linux-x86_64-fedora-clang 3.0.2 183.78 OK
r-devel-linux-x86_64-fedora-gcc 3.0.2 171.11 OK
r-devel-windows-ix86+x86_64 3.0.2 15.00 202.00 217.00 OK
r-patched-linux-x86_64 3.0.2 13.31 131.17 144.48 OK
r-patched-solaris-x86 3.0.2 252.40 OK
r-release-linux-x86_64 3.0.2 13.16 132.38 145.54 OK
r-release-macos-x86_64 3.0.2 OK
r-release-windows-ix86+x86_64 3.0.2 22.00 191.00 213.00 OK
r-oldrel-macos-x86_64 3.0.2 ERROR

Check Details

Version: 3.0.2
Check: package dependencies
Result: ERROR
    Package required and available but unsuitable version: ‘methods’
    
    See section ‘The DESCRIPTION file’ in the ‘Writing R Extensions’
    manual.
Flavor: r-oldrel-macos-x86_64