CRAN Package Check Results for Package OmicInt

Last updated on 2022-01-24 14:54:25 CET.

Flavor Version Tinstall Tcheck Ttotal Status Flags
r-devel-linux-x86_64-debian-clang 1.1.7 9.98 100.34 110.32 OK
r-devel-linux-x86_64-debian-gcc 1.1.7 7.16 74.64 81.80 OK
r-devel-linux-x86_64-fedora-clang 1.1.7 130.40 NOTE
r-devel-linux-x86_64-fedora-gcc 1.1.7 120.08 NOTE
r-devel-windows-x86_64-new-UL 1.1.7 48.00 131.00 179.00 OK
r-devel-windows-x86_64-new-TK 1.1.7 NOTE
r-patched-linux-x86_64 1.1.7 7.17 91.73 98.90 OK
r-release-linux-x86_64 1.1.7 6.95 92.70 99.65 OK
r-release-macos-arm64 1.1.7 NOTE
r-release-macos-x86_64 1.1.7 NOTE
r-release-windows-ix86+x86_64 1.1.7 23.00 112.00 135.00 OK
r-oldrel-macos-x86_64 1.1.7 ERROR
r-oldrel-windows-ix86+x86_64 1.1.7 24.00 115.00 139.00 OK

Check Details

Version: 1.1.7
Check: dependencies in R code
Result: NOTE
    Namespaces in Imports field not imported from:
     ‘knitr’ ‘rmarkdown’
     All declared Imports should be used.
Flavors: r-devel-linux-x86_64-fedora-clang, r-devel-linux-x86_64-fedora-gcc, r-devel-windows-x86_64-new-TK, r-release-macos-arm64, r-release-macos-x86_64

Version: 1.1.7
Check: package dependencies
Result: ERROR
    Package required but not available: ‘STRINGdb’
    
    See section ‘The DESCRIPTION file’ in the ‘Writing R Extensions’
    manual.
Flavor: r-oldrel-macos-x86_64