CRAN Package Check Results for Package Omisc

Last updated on 2024-03-05 08:52:13 CET.

Flavor Version Tinstall Tcheck Ttotal Status Flags
r-devel-linux-x86_64-debian-clang 0.1.5 4.04 56.78 60.82 OK
r-devel-linux-x86_64-debian-gcc 0.1.5 2.31 43.59 45.90 OK
r-devel-linux-x86_64-fedora-clang 0.1.5 75.12 NOTE
r-devel-linux-x86_64-fedora-gcc 0.1.5 74.25 NOTE
r-devel-windows-x86_64 0.1.5 4.00 75.00 79.00 OK
r-patched-linux-x86_64 0.1.5 4.85 55.13 59.98 OK
r-release-linux-x86_64 0.1.5 2.39 55.31 57.70 OK
r-release-macos-arm64 0.1.5 25.00 OK
r-release-macos-x86_64 0.1.5 41.00 OK
r-release-windows-x86_64 0.1.5 5.00 85.00 90.00 OK
r-oldrel-macos-arm64 0.1.5 27.00 NOTE
r-oldrel-windows-x86_64 0.1.5 6.00 81.00 87.00 OK

Check Details

Version: 0.1.5
Check: dependencies in R code
Result: NOTE Namespace in Imports field not imported from: ‘base’ All declared Imports should be used. Flavors: r-devel-linux-x86_64-fedora-clang, r-devel-linux-x86_64-fedora-gcc, r-oldrel-macos-arm64