Last updated on 2021-03-08 13:46:53 CET.
Flavor | Version | Tinstall | Tcheck | Ttotal | Status | Flags |
---|---|---|---|---|---|---|
r-devel-linux-x86_64-debian-clang | 1.0.3 | 59.10 | 80.97 | 140.07 | OK | |
r-devel-linux-x86_64-debian-gcc | 1.0.3 | 44.17 | 70.40 | 114.57 | OK | |
r-devel-linux-x86_64-fedora-clang | 1.0.3 | 220.33 | NOTE | |||
r-devel-linux-x86_64-fedora-gcc | 1.0.3 | 189.35 | OK | |||
r-devel-windows-ix86+x86_64 | 1.0.3 | 140.00 | 172.00 | 312.00 | OK | |
r-devel-windows-x86_64-gcc10-UCRT | 1.0.3 | OK | ||||
r-patched-linux-x86_64 | 1.0.3 | 53.18 | 85.46 | 138.64 | OK | |
r-patched-solaris-x86 | 1.0.3 | 194.20 | OK | |||
r-release-linux-x86_64 | 1.0.3 | 49.73 | 87.13 | 136.86 | OK | |
r-release-macos-x86_64 | 1.0.3 | NOTE | ||||
r-release-windows-ix86+x86_64 | 1.0.3 | 104.00 | 186.00 | 290.00 | OK | |
r-oldrel-macos-x86_64 | 1.0.3 | OK | ||||
r-oldrel-windows-ix86+x86_64 | 1.0.3 | 107.00 | 130.00 | 237.00 | OK |
clang-UBSAN gcc-UBSAN valgrind
Version: 1.0.3
Check: installed package size
Result: NOTE
installed size is 5.7Mb
sub-directories of 1Mb or more:
libs 5.5Mb
Flavors: r-devel-linux-x86_64-fedora-clang, r-release-macos-x86_64