Last updated on 2023-02-05 17:51:28 CET.
Flavor | Version | Tinstall | Tcheck | Ttotal | Status | Flags |
---|---|---|---|---|---|---|
r-devel-linux-x86_64-debian-clang | 0.2-2 | 4.25 | 31.48 | 35.73 | OK | |
r-devel-linux-x86_64-debian-gcc | 0.2-2 | 2.98 | 23.91 | 26.89 | OK | |
r-devel-linux-x86_64-fedora-clang | 0.2-2 | 36.59 | OK | |||
r-devel-linux-x86_64-fedora-gcc | 0.2-2 | 35.42 | OK | |||
r-devel-windows-x86_64 | 0.2-2 | 3.00 | 5.00 | 8.00 | ERROR | |
r-patched-linux-x86_64 | 0.2-2 | 3.97 | 31.51 | 35.48 | OK | |
r-release-linux-x86_64 | 0.2-2 | 3.74 | 30.99 | 34.73 | OK | |
r-release-macos-arm64 | 0.2-2 | 7.00 | ERROR | |||
r-release-macos-x86_64 | 0.2-2 | 9.00 | ERROR | |||
r-release-windows-x86_64 | 0.2-2 | 1.00 | 4.00 | 5.00 | ERROR | |
r-oldrel-macos-arm64 | 0.2-2 | 10.00 | ERROR | |||
r-oldrel-macos-x86_64 | 0.2-2 | 13.00 | ERROR |
Version: 0.2-2
Check: whether package can be installed
Result: ERROR
Installation failed.
Flavors: r-devel-windows-x86_64, r-release-macos-arm64, r-release-macos-x86_64, r-release-windows-x86_64, r-oldrel-macos-arm64, r-oldrel-macos-x86_64