CRAN Package Check Results for Package OpenLand

Last updated on 2020-10-21 06:48:25 CEST.

Flavor Version Tinstall Tcheck Ttotal Status Flags
r-devel-linux-x86_64-debian-clang 1.0.1 12.71 185.81 198.52 OK
r-devel-linux-x86_64-debian-gcc 1.0.1 10.76 138.99 149.75 OK
r-devel-linux-x86_64-fedora-clang 1.0.1 236.81 OK
r-devel-linux-x86_64-fedora-gcc 1.0.1 264.17 OK
r-devel-windows-ix86+x86_64 1.0.1 22.00 164.00 186.00 OK
r-patched-linux-x86_64 1.0.1 14.03 169.12 183.15 OK
r-patched-solaris-x86 1.0.1 394.70 WARN
r-release-linux-x86_64 1.0.1 14.40 170.82 185.22 OK
r-release-macos-x86_64 1.0.1 WARN
r-release-windows-ix86+x86_64 1.0.1 29.00 201.00 230.00 OK
r-oldrel-macos-x86_64 1.0.1 WARN
r-oldrel-windows-ix86+x86_64 1.0.1 19.00 150.00 169.00 OK

Check Details

Version: 1.0.1
Check: re-building of vignette outputs
Result: WARN
    Error(s) in re-building vignettes:
     ...
    --- re-building ‘openland_vignette.Rmd’ using rmarkdown
    Warning in engine$weave(file, quiet = quiet, encoding = enc) :
     Pandoc (>= 1.12.3) and/or pandoc-citeproc not available. Falling back to R Markdown v1.
    trying URL 'https://zenodo.org/record/3685230/files/SaoLourencoBasin.rda?download=1'
    Content type 'application/octet-stream' length 5309066 bytes (5.1 MB)
    ==================================================
    downloaded 5.1 MB
    
    Quitting from lines 264-269 (openland_vignette.Rmd)
    Error: processing vignette 'openland_vignette.Rmd' failed with diagnostics:
    there is no package called 'webshot'
    --- failed re-building ‘openland_vignette.Rmd’
    
    SUMMARY: processing the following file failed:
     ‘openland_vignette.Rmd’
    
    Error: Vignette re-building failed.
    Execution halted
Flavor: r-patched-solaris-x86

Version: 1.0.1
Check: re-building of vignette outputs
Result: WARN
    Error(s) in re-building vignettes:
     ...
    --- re-building ‘openland_vignette.Rmd’ using rmarkdown
    Warning in engine$weave(file, quiet = quiet, encoding = enc) :
     Pandoc (>= 1.12.3) and/or pandoc-citeproc not available. Falling back to R Markdown v1.
    trying URL 'https://zenodo.org/record/3685230/files/SaoLourencoBasin.rda?download=1'
    Content type 'application/octet-stream' length 5309066 bytes (5.1 MB)
    ==================================================
    downloaded 5.1 MB
    
    Quitting from lines 264-269 (openland_vignette.Rmd)
    Error: processing vignette 'openland_vignette.Rmd' failed with diagnostics:
    cannot open the connection
    --- failed re-building ‘openland_vignette.Rmd’
    
    SUMMARY: processing the following file failed:
     ‘openland_vignette.Rmd’
    
    Error: Vignette re-building failed.
    Execution halted
Flavors: r-release-macos-x86_64, r-oldrel-macos-x86_64