Last updated on 2022-07-06 02:52:33 CEST.
Flavor | Version | Tinstall | Tcheck | Ttotal | Status | Flags |
---|---|---|---|---|---|---|
r-devel-linux-x86_64-debian-clang | 1.10 | 10.36 | 79.05 | 89.41 | NOTE | |
r-devel-linux-x86_64-debian-gcc | 1.10 | 6.66 | 59.14 | 65.80 | NOTE | |
r-devel-linux-x86_64-fedora-clang | 1.10 | 119.07 | NOTE | |||
r-devel-linux-x86_64-fedora-gcc | 1.10 | 116.91 | NOTE | |||
r-devel-windows-x86_64 | 1.10 | 53.00 | 110.00 | 163.00 | NOTE | |
r-patched-linux-x86_64 | 1.10 | 10.70 | 74.70 | 85.40 | NOTE | |
r-release-linux-x86_64 | 1.10 | 10.22 | 76.36 | 86.58 | NOTE | |
r-release-macos-arm64 | 1.10 | 26.00 | NOTE | |||
r-release-macos-x86_64 | 1.10 | 45.00 | NOTE | |||
r-release-windows-x86_64 | 1.10 | 50.00 | 111.00 | 161.00 | NOTE | |
r-oldrel-macos-arm64 | 1.10 | 34.00 | NOTE | |||
r-oldrel-macos-x86_64 | 1.10 | 51.00 | NOTE | |||
r-oldrel-windows-ix86+x86_64 | 1.10 | 21.00 | 94.00 | 115.00 | NOTE |
Version: 1.10
Check: LazyData
Result: NOTE
'LazyData' is specified without a 'data' directory
Flavors: r-devel-linux-x86_64-debian-clang, r-devel-linux-x86_64-debian-gcc, r-devel-linux-x86_64-fedora-clang, r-devel-linux-x86_64-fedora-gcc, r-devel-windows-x86_64, r-patched-linux-x86_64, r-release-linux-x86_64, r-release-macos-arm64, r-release-macos-x86_64, r-release-windows-x86_64, r-oldrel-macos-arm64, r-oldrel-macos-x86_64, r-oldrel-windows-ix86+x86_64