CRAN Package Check Results for Package OpenMx

Last updated on 2019-04-25 15:54:08 CEST.

Flavor Version Tinstall Tcheck Ttotal Status Flags
r-devel-linux-x86_64-debian-clang 2.12.2 847.88 239.63 1087.51 OK
r-devel-linux-x86_64-debian-gcc 2.12.2 782.64 206.70 989.34 OK
r-devel-linux-x86_64-fedora-clang 2.12.2 1671.78 NOTE
r-devel-linux-x86_64-fedora-gcc 2.12.2 1616.87 OK
r-devel-windows-ix86+x86_64 2.12.2 1980.00 426.00 2406.00 NOTE
r-patched-linux-x86_64 2.12.2 909.33 257.58 1166.91 OK
r-patched-solaris-x86 2.12.2 1213.30 ERROR
r-release-linux-x86_64 2.12.2 905.23 247.19 1152.42 OK
r-release-windows-ix86+x86_64 2.12.2 1459.00 351.00 1810.00 NOTE
r-release-osx-x86_64 2.12.2 NOTE
r-oldrel-windows-ix86+x86_64 2.12.2 1517.00 365.00 1882.00 NOTE
r-oldrel-osx-x86_64 2.12.2 NOTE

Check Details

Version: 2.12.2
Check: installed package size
Result: NOTE
     installed size is 172.4Mb
     sub-directories of 1Mb or more:
     R 2.5Mb
     libs 162.3Mb
     models 4.8Mb
Flavors: r-devel-linux-x86_64-fedora-clang, r-devel-windows-ix86+x86_64, r-patched-solaris-x86, r-release-windows-ix86+x86_64, r-release-osx-x86_64, r-oldrel-windows-ix86+x86_64, r-oldrel-osx-x86_64

Version: 2.12.2
Check: examples
Result: ERROR
    Running examples in ‘OpenMx-Ex.R’ failed
    The error most likely occurred in:
    
    > ### Name: mxModelAverage
    > ### Title: Information-Theoretic Model-Averaging and Multimodel Inference
    > ### Aliases: mxModelAverage omxAkaikeWeights omxAICWeights
    >
    > ### ** Examples
    >
    > require(OpenMx)
    > data(demoOneFactor)
    > factorModel1 <- mxModel(
    + "OneFactor1",
    + mxMatrix(
    + "Full", 5, 1, values=0.8,
    + labels=paste("a",1:5,sep=""),
    + free=TRUE, name="A"),
    + mxMatrix(
    + "Full", 5, 1, values=1,
    + labels=paste("u",1:5,sep=""),
    + free=TRUE, name="Udiag"),
    + mxMatrix(
    + "Symm", 1, 1, values=1,
    + free=FALSE, name="L"),
    + mxAlgebra(vec2diag(Udiag),name="U"),
    + mxAlgebra(A %*% L %*% t(A) + U, name="R"),
    + mxExpectationNormal(
    + covariance = "R",
    + dimnames = names(demoOneFactor)),
    + mxFitFunctionML(),
    + mxData(cov(demoOneFactor), type="cov", numObs=500))
    > factorFit1 <- mxRun(factorModel1)
    Running OneFactor1 with 10 parameters
    Error in runHelper(model, frontendStart, intervals, silent, suppressWarnings, :
     Element-wise '+' not conformable: 'OneFactor1.R arg 0' is 0x0 and 'OneFactor1.U' is 5x5
    OneFactor1.R arg 0 = matrix(c( # 0x0), byrow=TRUE, nrow=0, ncol=0)
    OneFactor1.U = matrix(c( # 5x5
     0.0407325, 0, 0, 0, 0
    , 0, 0.0379439, 0, 0, 0
    , 0, 0, 0.0407455, 0, 0
    , 0, 0, 0, 0.0393083, 0
    , 0, 0, 0, 0, 0.0362145), byrow=TRUE, nrow=5, ncol=5)
    Calls: mxRun -> runHelper
    Execution halted
    
     *** caught segfault ***
    address 538ea6a0, cause 'memory not mapped'
    An irrecoverable exception occurred. R is aborting now ...
Flavor: r-patched-solaris-x86

Version: 2.12.2
Check: package dependencies
Result: NOTE
    Package suggested but not available for checking: ‘Rmpi’
Flavors: r-release-osx-x86_64, r-oldrel-osx-x86_64