CRAN Package Check Results for Package OpenMx

Last updated on 2022-10-07 06:53:17 CEST.

Flavor Version Tinstall Tcheck Ttotal Status Flags
r-devel-linux-x86_64-debian-clang 2.20.6 2024.98 442.35 2467.33 WARN
r-devel-linux-x86_64-debian-gcc 2.20.6 1091.97 358.36 1450.33 NOTE
r-devel-linux-x86_64-fedora-clang 2.20.6 2543.49 WARN
r-devel-linux-x86_64-fedora-gcc 2.20.6 2386.15 NOTE
r-devel-windows-x86_64 2.20.6 2015.00 606.00 2621.00 NOTE
r-patched-linux-x86_64 2.20.6 1203.45 442.41 1645.86 NOTE
r-release-linux-x86_64 2.20.6 1185.88 454.04 1639.92 NOTE
r-release-macos-arm64 2.20.6 539.00 NOTE
r-release-macos-x86_64 2.20.6 689.00 NOTE
r-release-windows-x86_64 2.20.6 1168.00 597.00 1765.00 NOTE
r-oldrel-macos-arm64 2.20.6 425.00 NOTE
r-oldrel-macos-x86_64 2.20.6 668.00 NOTE
r-oldrel-windows-ix86+x86_64 2.20.6 2679.00 689.00 3368.00 NOTE

Additional issues

clang14

Check Details

Version: 2.20.6
Check: whether package can be installed
Result: WARN
    Found the following significant warnings:
     omxRAMExpectation.cpp:677:24: warning: use of bitwise '|' with boolean operands [-Wbitwise-instead-of-logical]
     omxRAMExpectation.cpp:682:25: warning: use of bitwise '|' with boolean operands [-Wbitwise-instead-of-logical]
Flavors: r-devel-linux-x86_64-debian-clang, r-devel-linux-x86_64-fedora-clang

Version: 2.20.6
Check: package subdirectories
Result: NOTE
    Problems with news in 'NEWS.md':
     Cannot extract version info from the following section titles:
     Older changes
     trunk
Flavors: r-devel-linux-x86_64-debian-clang, r-devel-linux-x86_64-debian-gcc, r-devel-linux-x86_64-fedora-clang, r-devel-linux-x86_64-fedora-gcc, r-devel-windows-x86_64

Version: 2.20.6
Check: for GNU extensions in Makefiles
Result: NOTE
    GNU make is a SystemRequirements.
Flavors: r-devel-linux-x86_64-debian-clang, r-devel-linux-x86_64-debian-gcc, r-devel-linux-x86_64-fedora-clang, r-devel-linux-x86_64-fedora-gcc, r-devel-windows-x86_64, r-patched-linux-x86_64, r-release-linux-x86_64, r-release-macos-arm64, r-release-macos-x86_64, r-release-windows-x86_64, r-oldrel-macos-arm64, r-oldrel-macos-x86_64, r-oldrel-windows-ix86+x86_64

Version: 2.20.6
Check: compilation flags used
Result: NOTE
    Compilation used the following non-portable flag(s):
     ‘-Wstrict-prototypes’
Flavor: r-devel-linux-x86_64-debian-gcc

Version: 2.20.6
Check: installed package size
Result: NOTE
     installed size is 17.0Mb
     sub-directories of 1Mb or more:
     R 2.6Mb
     libs 6.3Mb
     models 4.8Mb
Flavors: r-devel-linux-x86_64-fedora-clang, r-devel-windows-x86_64, r-release-macos-arm64, r-release-macos-x86_64, r-release-windows-x86_64, r-oldrel-macos-arm64, r-oldrel-macos-x86_64, r-oldrel-windows-ix86+x86_64