CRAN Package Check Results for Package OpenMx

Last updated on 2019-07-22 13:47:02 CEST.

Flavor Version Tinstall Tcheck Ttotal Status Flags
r-devel-linux-x86_64-debian-clang 2.13.2 1009.17 251.33 1260.50 NOTE
r-devel-linux-x86_64-debian-gcc 2.13.2 843.57 208.35 1051.92 NOTE
r-devel-linux-x86_64-fedora-clang 2.13.2 1835.29 NOTE
r-devel-linux-x86_64-fedora-gcc 2.13.2 1846.09 NOTE
r-devel-windows-ix86+x86_64 2.13.2 1707.00 472.00 2179.00 NOTE
r-patched-linux-x86_64 2.13.2 1005.35 268.23 1273.58 OK
r-patched-solaris-x86 2.13.2 1547.40 ERROR
r-release-linux-x86_64 2.13.2 1002.76 265.58 1268.34 OK
r-release-windows-ix86+x86_64 2.13.2 1755.00 344.00 2099.00 NOTE
r-release-osx-x86_64 2.13.2 NOTE
r-oldrel-windows-ix86+x86_64 2.13.2 2276.00 338.00 2614.00 NOTE
r-oldrel-osx-x86_64 2.13.2 NOTE

Additional issues

rchk

Check Details

Version: 2.13.2
Check: for non-standard things in the check directory
Result: NOTE
    Found the following files/directories:
     'cov.csv' 'loadMatrix.csv' 'mean.csv' 'testModel.omx'
Flavors: r-devel-linux-x86_64-debian-clang, r-devel-linux-x86_64-debian-gcc, r-devel-linux-x86_64-fedora-clang, r-devel-linux-x86_64-fedora-gcc

Version: 2.13.2
Check: installed package size
Result: NOTE
     installed size is 186.0Mb
     sub-directories of 1Mb or more:
     R 2.5Mb
     libs 175.7Mb
     models 4.9Mb
Flavors: r-devel-linux-x86_64-fedora-clang, r-devel-windows-ix86+x86_64, r-patched-solaris-x86, r-release-windows-ix86+x86_64, r-release-osx-x86_64, r-oldrel-windows-ix86+x86_64, r-oldrel-osx-x86_64

Version: 2.13.2
Check: examples
Result: ERROR
    Running examples in ‘OpenMx-Ex.R’ failed
    The error most likely occurred in:
    
    > ### Name: mxModelAverage
    > ### Title: Information-Theoretic Model-Averaging and Multimodel Inference
    > ### Aliases: mxModelAverage omxAkaikeWeights omxAICWeights
    >
    > ### ** Examples
    >
    > require(OpenMx)
    > data(demoOneFactor)
    > factorModel1 <- mxModel(
    + "OneFactor1",
    + mxMatrix(
    + "Full", 5, 1, values=0.8,
    + labels=paste("a",1:5,sep=""),
    + free=TRUE, name="A"),
    + mxMatrix(
    + "Full", 5, 1, values=1,
    + labels=paste("u",1:5,sep=""),
    + free=TRUE, name="Udiag"),
    + mxMatrix(
    + "Symm", 1, 1, values=1,
    + free=FALSE, name="L"),
    + mxAlgebra(vec2diag(Udiag),name="U"),
    + mxAlgebra(A %*% L %*% t(A) + U, name="R"),
    + mxExpectationNormal(
    + covariance = "R",
    + dimnames = names(demoOneFactor)),
    + mxFitFunctionML(),
    + mxData(cov(demoOneFactor), type="cov", numObs=500))
    > factorFit1 <- mxRun(factorModel1)
    Running OneFactor1 with 10 parameters
    Error: C stack usage 204117140 is too close to the limit
    Error: The job for model 'OneFactor1' exited abnormally with the error message: User interrupt
    Execution halted
Flavor: r-patched-solaris-x86

Version: 2.13.2
Check: package dependencies
Result: NOTE
    Package suggested but not available for checking: ‘Rmpi’
Flavors: r-release-osx-x86_64, r-oldrel-osx-x86_64

Version: 2.13.2
Check: compiled code
Result: NOTE
    File ‘OpenMx/libs/OpenMx.so’:
     Found ‘___stderrp’, possibly from ‘stderr’ (C)
     Object: ‘sqlite3.o’
     Found ‘_random’, possibly from ‘random’ (C)
     Object: ‘sqlite3.o’
    
    Compiled code should not call entry points which might terminate R nor
    write to stdout/stderr instead of to the console, nor use Fortran I/O
    nor system RNGs.
    
    See ‘Writing portable packages’ in the ‘Writing R Extensions’ manual.
Flavors: r-release-osx-x86_64, r-oldrel-osx-x86_64