CRAN Package Check Results for Package OpenRepGrid

Last updated on 2019-09-18 20:46:56 CEST.

Flavor Version Tinstall Tcheck Ttotal Status Flags
r-devel-linux-x86_64-debian-clang 0.1.12 16.22 88.12 104.34 OK
r-devel-linux-x86_64-debian-gcc 0.1.12 13.82 69.65 83.47 OK
r-devel-linux-x86_64-fedora-clang 0.1.12 129.05 OK
r-devel-linux-x86_64-fedora-gcc 0.1.12 129.07 OK
r-devel-windows-ix86+x86_64 0.1.12 48.00 103.00 151.00 OK
r-patched-linux-x86_64 0.1.12 16.86 90.15 107.01 OK
r-patched-solaris-x86 0.1.12 181.30 OK
r-release-linux-x86_64 0.1.12 16.71 89.43 106.14 OK
r-release-windows-ix86+x86_64 0.1.12 25.00 99.00 124.00 OK
r-release-osx-x86_64 0.1.12 WARN
r-oldrel-windows-ix86+x86_64 0.1.12 21.00 93.00 114.00 OK
r-oldrel-osx-x86_64 0.1.12 OK

Check Details

Version: 0.1.12
Check: whether package can be installed
Result: WARN
    Found the following significant warnings:
     Warning: 'rgl_init' failed, running with rgl.useNULL = TRUE
Flavor: r-release-osx-x86_64