CRAN Package Check Results for Package Opportunistic

Last updated on 2024-06-16 16:49:12 CEST.

Flavor Version Tinstall Tcheck Ttotal Status Flags
r-devel-linux-x86_64-debian-clang 1.2 2.45 30.78 33.23 NOTE
r-devel-linux-x86_64-debian-gcc 1.2 1.88 23.56 25.44 NOTE
r-devel-linux-x86_64-fedora-clang 1.2 43.32 NOTE
r-devel-linux-x86_64-fedora-gcc 1.2 38.49 NOTE
r-devel-windows-x86_64 1.2 2.00 43.00 45.00 NOTE
r-patched-linux-x86_64 1.2 1.55 29.10 30.65 NOTE
r-release-linux-x86_64 1.2 2.31 30.01 32.32 NOTE
r-release-macos-arm64 1.2 15.00 NOTE
r-release-macos-x86_64 1.2 27.00 NOTE
r-release-windows-x86_64 1.2 2.00 45.00 47.00 NOTE
r-oldrel-macos-arm64 1.2 17.00 OK
r-oldrel-macos-x86_64 1.2 23.00 OK
r-oldrel-windows-x86_64 1.2 2.00 47.00 49.00 OK

Check Details

Version: 1.2
Check: Rd files
Result: NOTE checkRd: (-1) MonteCarlo.Rd:23: Lost braces 23 | N is computed from \code{p} length. M is code{10^4} by default. | ^ Flavors: r-devel-linux-x86_64-debian-clang, r-devel-linux-x86_64-debian-gcc, r-devel-linux-x86_64-fedora-clang, r-devel-linux-x86_64-fedora-gcc, r-devel-windows-x86_64, r-patched-linux-x86_64, r-release-linux-x86_64, r-release-macos-arm64, r-release-macos-x86_64, r-release-windows-x86_64