CRAN Package Check Results for Package Opt5PL

Last updated on 2023-01-28 03:55:58 CET.

Flavor Version Tinstall Tcheck Ttotal Status Flags
r-devel-linux-x86_64-debian-clang 0.1.1 20.42 52.52 72.94 NOTE
r-devel-linux-x86_64-debian-gcc 0.1.1 19.90 39.31 59.21 NOTE
r-devel-linux-x86_64-fedora-clang 0.1.1 108.06 NOTE
r-devel-linux-x86_64-fedora-gcc 0.1.1 99.81 NOTE
r-devel-windows-x86_64 0.1.1 37.00 104.00 141.00 NOTE
r-patched-linux-x86_64 0.1.1 20.76 51.06 71.82 NOTE
r-release-linux-x86_64 0.1.1 18.16 50.40 68.56 NOTE
r-release-macos-arm64 0.1.1 27.00 NOTE
r-release-macos-x86_64 0.1.1 39.00 NOTE
r-release-windows-x86_64 0.1.1 39.00 110.00 149.00 NOTE
r-oldrel-macos-arm64 0.1.1 34.00 NOTE
r-oldrel-macos-x86_64 0.1.1 45.00 NOTE
r-oldrel-windows-ix86+x86_64 0.1.1 56.00 117.00 173.00 NOTE

Check Details

Version: 0.1.1
Check: LazyData
Result: NOTE
     'LazyData' is specified without a 'data' directory
Flavors: r-devel-linux-x86_64-debian-clang, r-devel-linux-x86_64-debian-gcc, r-devel-linux-x86_64-fedora-clang, r-devel-linux-x86_64-fedora-gcc, r-devel-windows-x86_64, r-patched-linux-x86_64, r-release-linux-x86_64, r-release-macos-arm64, r-release-macos-x86_64, r-release-windows-x86_64, r-oldrel-macos-arm64, r-oldrel-macos-x86_64, r-oldrel-windows-ix86+x86_64