CRAN Package Check Results for Package OptM

Last updated on 2022-05-20 03:55:53 CEST.

Flavor Version Tinstall Tcheck Ttotal Status Flags
r-devel-linux-x86_64-debian-clang 0.1.6 3.49 47.10 50.59 OK
r-devel-linux-x86_64-debian-gcc 0.1.6 2.63 34.89 37.52 OK
r-devel-linux-x86_64-fedora-clang 0.1.6 58.91 NOTE
r-devel-linux-x86_64-fedora-gcc 0.1.6 61.68 NOTE
r-devel-windows-x86_64 0.1.6 84.00 61.00 145.00 OK
r-patched-linux-x86_64 0.1.6 2.56 45.17 47.73 OK
r-release-linux-x86_64 0.1.6 3.40 45.28 48.68 OK
r-release-macos-arm64 0.1.6 18.00 NOTE
r-release-macos-x86_64 0.1.6 26.00 NOTE
r-release-windows-x86_64 0.1.6 70.00 60.00 130.00 OK
r-oldrel-macos-arm64 0.1.6 19.00 NOTE
r-oldrel-macos-x86_64 0.1.6 26.00 NOTE
r-oldrel-windows-ix86+x86_64 0.1.6 7.00 58.00 65.00 OK

Check Details

Version: 0.1.6
Check: dependencies in R code
Result: NOTE
    Namespaces in Imports field not imported from:
     ‘boot’ ‘splines’
     All declared Imports should be used.
Flavors: r-devel-linux-x86_64-fedora-clang, r-devel-linux-x86_64-fedora-gcc, r-release-macos-arm64, r-release-macos-x86_64, r-oldrel-macos-arm64, r-oldrel-macos-x86_64