CRAN Package Check Results for Package OptM

Last updated on 2021-10-28 16:50:32 CEST.

Flavor Version Tinstall Tcheck Ttotal Status Flags
r-devel-linux-x86_64-debian-clang 0.1.6 3.41 37.02 40.43 OK
r-devel-linux-x86_64-debian-gcc 0.1.6 2.01 27.66 29.67 OK
r-devel-linux-x86_64-fedora-clang 0.1.6 56.94 NOTE
r-devel-linux-x86_64-fedora-gcc 0.1.6 46.46 NOTE
r-devel-windows-x86_64 0.1.6 8.00 54.00 62.00 OK
r-devel-windows-x86_64-gcc10-UCRT 0.1.6 NOTE
r-patched-linux-x86_64 0.1.6 3.01 35.98 38.99 OK
r-patched-solaris-x86 0.1.6 63.10 NOTE
r-release-linux-x86_64 0.1.6 2.88 35.44 38.32 OK
r-release-macos-arm64 0.1.6 NOTE
r-release-macos-x86_64 0.1.6 NOTE
r-release-windows-ix86+x86_64 0.1.6 6.00 51.00 57.00 OK
r-oldrel-macos-x86_64 0.1.6 NOTE
r-oldrel-windows-ix86+x86_64 0.1.6 6.00 53.00 59.00 OK

Check Details

Version: 0.1.6
Check: dependencies in R code
Result: NOTE
    Namespaces in Imports field not imported from:
     ‘boot’ ‘splines’
     All declared Imports should be used.
Flavors: r-devel-linux-x86_64-fedora-clang, r-devel-linux-x86_64-fedora-gcc, r-devel-windows-x86_64-gcc10-UCRT, r-patched-solaris-x86, r-release-macos-arm64, r-release-macos-x86_64, r-oldrel-macos-x86_64