Last updated on 2023-12-10 02:49:36 CET.
Flavor | Version | Tinstall | Tcheck | Ttotal | Status | Flags |
---|---|---|---|---|---|---|
r-devel-linux-x86_64-debian-clang | 1.0.1 | 7.44 | 66.79 | 74.23 | NOTE | |
r-devel-linux-x86_64-debian-gcc | 1.0.1 | 8.80 | 50.51 | 59.31 | NOTE | |
r-devel-linux-x86_64-fedora-clang | 1.0.1 | 95.26 | NOTE | |||
r-devel-linux-x86_64-fedora-gcc | 1.0.1 | 90.83 | NOTE | |||
r-devel-windows-x86_64 | 1.0.1 | 10.00 | 68.00 | 78.00 | NOTE | |
r-patched-linux-x86_64 | 1.0.1 | 8.43 | 65.51 | 73.94 | NOTE | |
r-release-linux-x86_64 | 1.0.1 | 6.89 | 64.95 | 71.84 | NOTE | |
r-release-macos-arm64 | 1.0.1 | 34.00 | NOTE | |||
r-release-macos-x86_64 | 1.0.1 | 46.00 | NOTE | |||
r-release-windows-x86_64 | 1.0.1 | 12.00 | 78.00 | 90.00 | NOTE | |
r-oldrel-macos-arm64 | 1.0.1 | 29.00 | NOTE | |||
r-oldrel-macos-x86_64 | 1.0.1 | 38.00 | NOTE | |||
r-oldrel-windows-x86_64 | 1.0.1 | 14.00 | 82.00 | 96.00 | NOTE |
Version: 1.0.1
Check: package dependencies
Result: NOTE
Package which this enhances but not available for checking: ‘gurobi’
Flavors: r-devel-linux-x86_64-debian-clang, r-devel-linux-x86_64-debian-gcc, r-devel-linux-x86_64-fedora-clang, r-devel-linux-x86_64-fedora-gcc, r-devel-windows-x86_64, r-patched-linux-x86_64, r-release-linux-x86_64, r-release-macos-arm64, r-release-macos-x86_64, r-release-windows-x86_64, r-oldrel-macos-arm64, r-oldrel-macos-x86_64, r-oldrel-windows-x86_64
Version: 1.0.1
Check: LazyData
Result: NOTE
'LazyData' is specified without a 'data' directory
Flavors: r-devel-linux-x86_64-debian-clang, r-devel-linux-x86_64-debian-gcc, r-devel-linux-x86_64-fedora-clang, r-devel-linux-x86_64-fedora-gcc, r-devel-windows-x86_64, r-patched-linux-x86_64, r-release-linux-x86_64, r-release-macos-arm64, r-release-macos-x86_64, r-release-windows-x86_64, r-oldrel-macos-arm64, r-oldrel-macos-x86_64, r-oldrel-windows-x86_64