CRAN Package Check Results for Package OptimalRerandExpDesigns

Last updated on 2021-04-23 00:48:56 CEST.

Flavor Version Tinstall Tcheck Ttotal Status Flags
r-devel-linux-x86_64-debian-clang 1.1 14.34 121.31 135.65 OK
r-devel-linux-x86_64-debian-gcc 1.1 10.22 93.12 103.34 OK
r-devel-linux-x86_64-fedora-clang 1.1 174.39 OK
r-devel-linux-x86_64-fedora-gcc 1.1 168.39 OK
r-devel-windows-ix86+x86_64 1.1 34.00 138.00 172.00 OK
r-devel-windows-x86_64-gcc10-UCRT 1.1 OK
r-patched-linux-x86_64 1.1 12.85 111.45 124.30 OK
r-patched-solaris-x86 1.1 239.70 OK
r-release-linux-x86_64 1.1 13.61 112.14 125.75 OK
r-release-macos-x86_64 1.1 OK
r-release-windows-ix86+x86_64 1.1 35.00 103.00 138.00 OK
r-oldrel-macos-x86_64 1.1 NOTE
r-oldrel-windows-ix86+x86_64 1.1 32.00 135.00 167.00 NOTE

Check Details

Version: 1.1
Check: R code for possible problems
Result: NOTE
    plot.W_base_object: no visible global function definition for ‘plot’
    plot.optimal_rerandomization_obj: no visible global function definition
     for ‘plot’
    Undefined global functions or variables:
     plot
    Consider adding
     importFrom("graphics", "plot")
    to your NAMESPACE file.
Flavors: r-oldrel-macos-x86_64, r-oldrel-windows-ix86+x86_64