CRAN Package Check Results for Package OrdinalLogisticBiplot

Last updated on 2021-09-21 17:50:05 CEST.

Flavor Version Tinstall Tcheck Ttotal Status Flags
r-devel-linux-x86_64-debian-clang 0.4 12.10 110.18 122.28 NOTE
r-devel-linux-x86_64-debian-gcc 0.4 9.03 84.23 93.26 NOTE
r-devel-linux-x86_64-fedora-clang 0.4 152.18 NOTE
r-devel-linux-x86_64-fedora-gcc 0.4 141.55 NOTE
r-devel-windows-x86_64 0.4 16.00 91.00 107.00 NOTE
r-devel-windows-x86_64-gcc10-UCRT 0.4 ERROR
r-patched-linux-x86_64 0.4 10.56 106.13 116.69 NOTE
r-patched-solaris-x86 0.4 210.50 NOTE
r-release-linux-x86_64 0.4 10.00 108.35 118.35 NOTE
r-release-macos-arm64 0.4 NOTE
r-release-macos-x86_64 0.4 NOTE
r-release-windows-ix86+x86_64 0.4 25.00 131.00 156.00 NOTE
r-oldrel-macos-x86_64 0.4 NOTE
r-oldrel-windows-ix86+x86_64 0.4 25.00 101.00 126.00 NOTE

Check Details

Version: 0.4
Check: R code for possible problems
Result: NOTE
    BiplotDensity: no visible global function definition for 'rainbow'
    BiplotDensity: no visible global function definition for 'heat.colors'
    BiplotDensity: no visible global function definition for
     'terrain.colors'
    BiplotDensity: no visible global function definition for 'topo.colors'
    BiplotDensity: no visible global function definition for 'cm.colors'
    BiplotDensity: no visible global function definition for 'par'
    BiplotDensity: no visible global function definition for 'image'
    BiplotDensity: no visible global function definition for 'points'
    BiplotDensity: no visible global function definition for 'box'
    BiplotDensity: no visible global function definition for 'contour'
    BiplotDensity: no visible global function definition for 'text'
    CalculateFittingIndicatorsMirt: no visible global function definition
     for 'pchisq'
    CheckDataSet: no visible global function definition for 'na.omit'
    OrdinalLogisticBiplot: no visible global function definition for
     'model.frame'
    PlotClusters: no visible global function definition for 'palette'
    PlotClusters: no visible global function definition for 'rainbow'
    PlotClusters: no visible global function definition for 'quantile'
    PlotClusters: no visible global function definition for 'chull'
    PlotClusters: no visible global function definition for 'lines'
    PlotClusters: no visible global function definition for 'points'
    PlotClusters: no visible global function definition for 'text'
    plot.ordBipVariable: no visible global function definition for 'abline'
    plot.ordBipVariable: no visible global function definition for 'points'
    plot.ordBipVariable: no visible global function definition for 'text'
    plot.ordinal.logistic.biplot: no visible global function definition for
     'colors'
    plot.ordinal.logistic.biplot: no visible global function definition for
     'points'
    plot.ordinal.logistic.biplot: no visible global function definition for
     'dev.new'
    plot.ordinal.logistic.biplot: no visible global function definition for
     'text'
    plot.ordinal.logistic.biplot: no visible global function definition for
     'legend'
    plotCurvesCategoriesVariable: no visible global function definition for
     'dev.new'
    plotCurvesCategoriesVariable: no visible global function definition for
     'points'
    plotOrdinalFittedVariable: no visible global function definition for
     'dev.new'
    plotOrdinalVariable: no visible global function definition for
     'dev.new'
    pordlogist: no visible global function definition for 'pchisq'
    summary.pordlogist: no visible global function definition for 'pnorm'
    Undefined global functions or variables:
     abline box chull cm.colors colors contour dev.new heat.colors image
     legend lines model.frame na.omit palette par pchisq pnorm points
     quantile rainbow terrain.colors text topo.colors
    Consider adding
     importFrom("grDevices", "chull", "cm.colors", "colors", "dev.new",
     "heat.colors", "palette", "rainbow", "terrain.colors",
     "topo.colors")
     importFrom("graphics", "abline", "box", "contour", "image", "legend",
     "lines", "par", "points", "text")
     importFrom("stats", "model.frame", "na.omit", "pchisq", "pnorm",
     "quantile")
    to your NAMESPACE file.
Flavors: r-devel-linux-x86_64-debian-clang, r-devel-linux-x86_64-debian-gcc, r-devel-linux-x86_64-fedora-clang, r-devel-linux-x86_64-fedora-gcc, r-devel-windows-x86_64, r-devel-windows-x86_64-gcc10-UCRT, r-patched-linux-x86_64, r-patched-solaris-x86, r-release-linux-x86_64, r-release-macos-arm64, r-release-macos-x86_64, r-release-windows-ix86+x86_64, r-oldrel-macos-x86_64, r-oldrel-windows-ix86+x86_64

Version: 0.4
Check: whether package can be installed
Result: WARN
    Found the following significant warnings:
     WARNING: installation-time patches will not be applied, could not get the patches index
Flavor: r-devel-windows-x86_64-gcc10-UCRT

Version: 0.4
Check: PDF version of manual
Result: WARN
    LaTeX errors when creating PDF version.
    This typically indicates Rd problems.
Flavor: r-devel-windows-x86_64-gcc10-UCRT

Version: 0.4
Check: PDF version of manual without hyperrefs or index
Result: ERROR
    Re-running with no redirection of stdout/stderr.
Flavor: r-devel-windows-x86_64-gcc10-UCRT