CRAN Package Check Results for Package OutlierDetection

Last updated on 2020-02-22 22:47:53 CET.

Flavor Version Tinstall Tcheck Ttotal Status Flags
r-devel-linux-x86_64-debian-clang 0.1.1 12.82 102.22 115.04 OK
r-devel-linux-x86_64-debian-gcc 0.1.1 10.67 81.44 92.11 OK
r-devel-linux-x86_64-fedora-clang 0.1.1 137.33 OK
r-devel-linux-x86_64-fedora-gcc 0.1.1 135.72 OK
r-devel-windows-ix86+x86_64 0.1.1 29.00 107.00 136.00 OK
r-devel-windows-ix86+x86_64-gcc8 0.1.1 50.00 163.00 213.00 OK
r-patched-linux-x86_64 0.1.1 OK
r-patched-solaris-x86 0.1.1 189.60 OK
r-release-linux-x86_64 0.1.1 11.82 91.61 103.43 OK
r-release-windows-ix86+x86_64 0.1.1 5.00 6.00 11.00 ERROR
r-release-osx-x86_64 0.1.1 OK
r-oldrel-windows-ix86+x86_64 0.1.1 16.00 107.00 123.00 OK
r-oldrel-osx-x86_64 0.1.1 OK

Check Details

Version: 0.1.1
Check: whether package can be installed
Result: ERROR
    Installation failed.
Flavor: r-release-windows-ix86+x86_64