CRAN Package Check Results for Package OwenQ

Last updated on 2020-08-05 20:48:03 CEST.

Flavor Version Tinstall Tcheck Ttotal Status Flags
r-devel-linux-x86_64-debian-clang 1.0.3 67.32 256.25 323.57 OK
r-devel-linux-x86_64-debian-gcc 1.0.3 53.69 189.52 243.21 OK
r-devel-linux-x86_64-fedora-clang 1.0.3 389.72 NOTE
r-devel-linux-x86_64-fedora-gcc 1.0.3 380.80 OK
r-devel-windows-ix86+x86_64 1.0.3 175.00 290.00 465.00 OK
r-patched-linux-x86_64 1.0.3 61.62 256.19 317.81 OK
r-patched-solaris-x86 1.0.3 391.70 OK
r-release-linux-x86_64 1.0.3 63.34 252.80 316.14 OK
r-release-macos-x86_64 1.0.3 NOTE
r-release-windows-ix86+x86_64 1.0.3 163.00 319.00 482.00 OK
r-oldrel-macos-x86_64 1.0.3 NOTE
r-oldrel-windows-ix86+x86_64 1.0.3 112.00 222.00 334.00 OK

Check Details

Version: 1.0.3
Check: installed package size
Result: NOTE
     installed size is 10.6Mb
     sub-directories of 1Mb or more:
     libs 10.2Mb
Flavors: r-devel-linux-x86_64-fedora-clang, r-release-macos-x86_64, r-oldrel-macos-x86_64