CRAN Package Check Results for Package OwenQ

Last updated on 2022-10-02 08:55:21 CEST.

Flavor Version Tinstall Tcheck Ttotal Status Flags
r-devel-linux-x86_64-debian-clang 1.0.5 68.02 260.02 328.04 OK
r-devel-linux-x86_64-debian-gcc 1.0.5 53.43 194.43 247.86 OK
r-devel-linux-x86_64-fedora-clang 1.0.5 416.46 OK
r-devel-linux-x86_64-fedora-gcc 1.0.5 410.03 OK
r-devel-windows-x86_64 1.0.5 52.00 301.00 353.00 OK
r-patched-linux-x86_64 1.0.5 62.35 251.41 313.76 OK
r-release-linux-x86_64 1.0.5 62.40 256.65 319.05 OK
r-release-macos-arm64 1.0.5 79.00 NOTE
r-release-macos-x86_64 1.0.5 118.00 NOTE
r-release-windows-x86_64 1.0.5 103.00 312.00 415.00 OK
r-oldrel-macos-arm64 1.0.5 78.00 NOTE
r-oldrel-macos-x86_64 1.0.5 127.00 NOTE
r-oldrel-windows-ix86+x86_64 1.0.5 159.00 334.00 493.00 OK

Check Details

Version: 1.0.5
Check: installed package size
Result: NOTE
     installed size is 10.3Mb
     sub-directories of 1Mb or more:
     libs 9.9Mb
Flavors: r-release-macos-arm64, r-release-macos-x86_64, r-oldrel-macos-arm64, r-oldrel-macos-x86_64