Last updated on 2023-03-29 02:55:33 CEST.
Flavor | Version | Tinstall | Tcheck | Ttotal | Status | Flags |
---|---|---|---|---|---|---|
r-devel-linux-x86_64-debian-clang | 1.0.6 | 69.29 | 257.15 | 326.44 | OK | |
r-devel-linux-x86_64-debian-gcc | 1.0.6 | 61.35 | 197.36 | 258.71 | OK | |
r-devel-linux-x86_64-fedora-clang | 1.0.6 | 412.24 | OK | |||
r-devel-linux-x86_64-fedora-gcc | 1.0.6 | 427.04 | OK | |||
r-devel-windows-x86_64 | 1.0.6 | 68.00 | 319.00 | 387.00 | OK | |
r-patched-linux-x86_64 | 1.0.6 | 68.32 | 250.23 | 318.55 | OK | |
r-release-linux-x86_64 | 1.0.6 | 61.69 | 249.30 | 310.99 | OK | |
r-release-macos-arm64 | 1.0.6 | 87.00 | NOTE | |||
r-release-macos-x86_64 | 1.0.6 | 120.00 | NOTE | |||
r-release-windows-x86_64 | 1.0.6 | 66.00 | 306.00 | 372.00 | OK | |
r-oldrel-macos-arm64 | 1.0.6 | 85.00 | NOTE | |||
r-oldrel-macos-x86_64 | 1.0.6 | 126.00 | NOTE | |||
r-oldrel-windows-ix86+x86_64 | 1.0.6 | 170.00 | 333.00 | 503.00 | OK |
Version: 1.0.6
Check: installed package size
Result: NOTE
installed size is 10.6Mb
sub-directories of 1Mb or more:
libs 9.9Mb
Flavors: r-release-macos-arm64, r-release-macos-x86_64, r-oldrel-macos-arm64, r-oldrel-macos-x86_64