Last updated on 2023-09-21 17:55:51 CEST.
Flavor | Version | Tinstall | Tcheck | Ttotal | Status | Flags |
---|---|---|---|---|---|---|
r-devel-linux-x86_64-debian-clang | 1.0.7 | 78.72 | 264.22 | 342.94 | OK | |
r-devel-linux-x86_64-debian-gcc | 1.0.7 | 54.62 | 195.61 | 250.23 | OK | |
r-devel-linux-x86_64-fedora-clang | 1.0.7 | 412.52 | OK | |||
r-devel-linux-x86_64-fedora-gcc | 1.0.7 | 479.88 | OK | |||
r-devel-windows-x86_64 | 1.0.7 | 57.00 | 203.00 | 260.00 | OK | |
r-patched-linux-x86_64 | 1.0.7 | 70.60 | 255.32 | 325.92 | OK | |
r-release-linux-x86_64 | 1.0.7 | 75.48 | 265.84 | 341.32 | OK | |
r-release-macos-arm64 | 1.0.7 | 104.00 | NOTE | |||
r-release-macos-x86_64 | 1.0.7 | 355.00 | NOTE | |||
r-release-windows-x86_64 | 1.0.7 | 72.00 | 278.00 | 350.00 | OK | |
r-oldrel-macos-arm64 | 1.0.7 | 92.00 | NOTE | |||
r-oldrel-macos-x86_64 | 1.0.7 | 123.00 | NOTE | |||
r-oldrel-windows-x86_64 | 1.0.7 | 69.00 | 274.00 | 343.00 | OK |
Version: 1.0.7
Check: installed package size
Result: NOTE
installed size is 10.7Mb
sub-directories of 1Mb or more:
libs 10.1Mb
Flavors: r-release-macos-arm64, r-release-macos-x86_64, r-oldrel-macos-arm64, r-oldrel-macos-x86_64