Last updated on 2022-07-02 12:53:09 CEST.
Flavor | Version | Tinstall | Tcheck | Ttotal | Status | Flags |
---|---|---|---|---|---|---|
r-devel-linux-x86_64-debian-clang | 0.1.1 | 62.06 | 540.87 | 602.93 | OK | |
r-devel-linux-x86_64-debian-gcc | 0.1.1 | 49.46 | 397.54 | 447.00 | OK | |
r-devel-linux-x86_64-fedora-clang | 0.1.1 | 750.82 | WARN | |||
r-devel-linux-x86_64-fedora-gcc | 0.1.1 | 773.76 | WARN | |||
r-devel-windows-x86_64 | 0.1.1 | 62.00 | 529.00 | 591.00 | OK | |
r-patched-linux-x86_64 | 0.1.1 | 57.52 | 509.55 | 567.07 | OK | |
r-release-linux-x86_64 | 0.1.1 | 52.97 | 509.89 | 562.86 | OK | |
r-release-macos-arm64 | 0.1.1 | 146.00 | OK | |||
r-release-macos-x86_64 | 0.1.1 | 244.00 | OK | |||
r-release-windows-x86_64 | 0.1.1 | 61.00 | 543.00 | 604.00 | OK | |
r-oldrel-macos-arm64 | 0.1.1 | 142.00 | OK | |||
r-oldrel-macos-x86_64 | 0.1.1 | 228.00 | OK | |||
r-oldrel-windows-ix86+x86_64 | 0.1.1 | 129.00 | 524.00 | 653.00 | OK |
Version: 0.1.1
Check: package dependencies
Result: WARN
Requires (indirectly) orphaned package: ‘gtools’
Flavors: r-devel-linux-x86_64-fedora-clang, r-devel-linux-x86_64-fedora-gcc