CRAN Package Check Results for Package PAMhm

Last updated on 2021-10-16 07:49:15 CEST.

Flavor Version Tinstall Tcheck Ttotal Status Flags
r-devel-linux-x86_64-debian-clang 0.1.2 7.54 81.11 88.65 OK
r-devel-linux-x86_64-debian-gcc 0.1.2 6.21 61.87 68.08 OK
r-devel-linux-x86_64-fedora-clang 0.1.2 108.04 OK
r-devel-linux-x86_64-fedora-gcc 0.1.2 106.59 OK
r-devel-windows-x86_64 0.1.2 17.00 77.00 94.00 OK
r-devel-windows-x86_64-gcc10-UCRT 0.1.2 OK
r-patched-linux-x86_64 0.1.2 7.44 75.96 83.40 OK
r-patched-solaris-x86 0.1.2 139.20 OK
r-release-linux-x86_64 0.1.2 6.31 74.25 80.56 OK
r-release-macos-arm64 0.1.2 ERROR
r-release-macos-x86_64 0.1.2 ERROR
r-release-windows-ix86+x86_64 0.1.2 21.00 102.00 123.00 OK
r-oldrel-macos-x86_64 0.1.2 ERROR
r-oldrel-windows-ix86+x86_64 0.1.2 20.00 106.00 126.00 OK

Check Details

Version: 0.1.2
Check: package dependencies
Result: ERROR
    Package required but not available: ‘heatmapFlex’
    
    See section ‘The DESCRIPTION file’ in the ‘Writing R Extensions’
    manual.
Flavors: r-release-macos-arm64, r-release-macos-x86_64, r-oldrel-macos-x86_64