CRAN Package Check Results for Package PANICr

Last updated on 2020-04-04 00:50:14 CEST.

Flavor Version Tinstall Tcheck Ttotal Status Flags
r-devel-linux-x86_64-debian-clang 1.0.0 8.95 107.95 116.90 ERROR
r-devel-linux-x86_64-debian-gcc 1.0.0 8.89 84.80 93.69 ERROR
r-devel-linux-x86_64-fedora-clang 1.0.0 140.58 ERROR
r-devel-linux-x86_64-fedora-gcc 1.0.0 140.12 ERROR
r-devel-windows-ix86+x86_64 1.0.0 18.00 110.00 128.00 ERROR
r-devel-windows-ix86+x86_64-gcc8 1.0.0 18.00 112.00 130.00 ERROR
r-patched-linux-x86_64 1.0.0 9.61 104.96 114.57 ERROR
r-patched-solaris-x86 1.0.0 252.30 ERROR
r-release-linux-x86_64 1.0.0 8.14 96.46 104.60 OK
r-release-windows-ix86+x86_64 1.0.0 18.00 118.00 136.00 OK
r-release-osx-x86_64 1.0.0 OK
r-oldrel-windows-ix86+x86_64 1.0.0 16.00 107.00 123.00 OK
r-oldrel-osx-x86_64 1.0.0 OK

Check Details

Version: 1.0.0
Check: tests
Result: ERROR
     Running 'testthat.R' [10s/11s]
    Running the tests in 'tests/testthat.R' failed.
    Complete output:
     > library(testthat)
     > library(PANICr)
     >
     > test_check("PANICr")
     -- 1. Failure: Panic 10 demeaned consistency (@test_panic_io.R#25) ------------
     panic10(test1, nfac = 10L, k1 = 7, criteria = "IC1", demean = TRUE) not equal to `test_10_dm`.
     Component "MP.tests": Component "pool_test": Modes: character, numeric
     Component "MP.tests": Component "pool_test": Attributes: < target is NULL, current is list >
     Component "MP.tests": Component "pool_test": target is character, current is factor
     Component "MP.tests": Component "mp_test": Modes: character, numeric
     Component "MP.tests": Component "mp_test": Attributes: < target is NULL, current is list >
     Component "MP.tests": Component "mp_test": target is character, current is factor
    
     -- 2. Failure: Panic 10 non-demeaned consistency (@test_panic_io.R#40) --------
     panic10(test1, nfac = 10L, k1 = 7, criteria = "IC1", demean = FALSE) not equal to `test_10_ndm`.
     Component "MP.tests": Component "mp_test": Modes: character, numeric
     Component "MP.tests": Component "mp_test": Attributes: < target is NULL, current is list >
     Component "MP.tests": Component "mp_test": target is character, current is factor
    
     == testthat results ===========================================================
     [ OK: 1 | SKIPPED: 0 | WARNINGS: 0 | FAILED: 2 ]
     1. Failure: Panic 10 demeaned consistency (@test_panic_io.R#25)
     2. Failure: Panic 10 non-demeaned consistency (@test_panic_io.R#40)
    
     Error: testthat unit tests failed
     Execution halted
Flavor: r-devel-linux-x86_64-debian-clang

Version: 1.0.0
Check: tests
Result: ERROR
     Running ‘testthat.R’ [7s/12s]
    Running the tests in ‘tests/testthat.R’ failed.
    Complete output:
     > library(testthat)
     > library(PANICr)
     >
     > test_check("PANICr")
     ── 1. Failure: Panic 10 demeaned consistency (@test_panic_io.R#25) ────────────
     panic10(test1, nfac = 10L, k1 = 7, criteria = "IC1", demean = TRUE) not equal to `test_10_dm`.
     Component "MP.tests": Component "pool_test": Modes: character, numeric
     Component "MP.tests": Component "pool_test": Attributes: < target is NULL, current is list >
     Component "MP.tests": Component "pool_test": target is character, current is factor
     Component "MP.tests": Component "mp_test": Modes: character, numeric
     Component "MP.tests": Component "mp_test": Attributes: < target is NULL, current is list >
     Component "MP.tests": Component "mp_test": target is character, current is factor
    
     ── 2. Failure: Panic 10 non-demeaned consistency (@test_panic_io.R#40) ────────
     panic10(test1, nfac = 10L, k1 = 7, criteria = "IC1", demean = FALSE) not equal to `test_10_ndm`.
     Component "MP.tests": Component "mp_test": Modes: character, numeric
     Component "MP.tests": Component "mp_test": Attributes: < target is NULL, current is list >
     Component "MP.tests": Component "mp_test": target is character, current is factor
    
     ══ testthat results ═══════════════════════════════════════════════════════════
     [ OK: 1 | SKIPPED: 0 | WARNINGS: 0 | FAILED: 2 ]
     1. Failure: Panic 10 demeaned consistency (@test_panic_io.R#25)
     2. Failure: Panic 10 non-demeaned consistency (@test_panic_io.R#40)
    
     Error: testthat unit tests failed
     Execution halted
Flavor: r-devel-linux-x86_64-debian-gcc

Version: 1.0.0
Check: tests
Result: ERROR
     Running ‘testthat.R’ [11s/13s]
    Running the tests in ‘tests/testthat.R’ failed.
    Complete output:
     > library(testthat)
     > library(PANICr)
     >
     > test_check("PANICr")
     ── 1. Failure: Panic 10 demeaned consistency (@test_panic_io.R#25) ────────────
     panic10(test1, nfac = 10L, k1 = 7, criteria = "IC1", demean = TRUE) not equal to `test_10_dm`.
     Component "MP.tests": Component "pool_test": Modes: character, numeric
     Component "MP.tests": Component "pool_test": Attributes: < target is NULL, current is list >
     Component "MP.tests": Component "pool_test": target is character, current is factor
     Component "MP.tests": Component "mp_test": Modes: character, numeric
     Component "MP.tests": Component "mp_test": Attributes: < target is NULL, current is list >
     Component "MP.tests": Component "mp_test": target is character, current is factor
    
     ── 2. Failure: Panic 10 non-demeaned consistency (@test_panic_io.R#40) ────────
     panic10(test1, nfac = 10L, k1 = 7, criteria = "IC1", demean = FALSE) not equal to `test_10_ndm`.
     Component "MP.tests": Component "mp_test": Modes: character, numeric
     Component "MP.tests": Component "mp_test": Attributes: < target is NULL, current is list >
     Component "MP.tests": Component "mp_test": target is character, current is factor
    
     ══ testthat results ═══════════════════════════════════════════════════════════
     [ OK: 1 | SKIPPED: 0 | WARNINGS: 0 | FAILED: 2 ]
     1. Failure: Panic 10 demeaned consistency (@test_panic_io.R#25)
     2. Failure: Panic 10 non-demeaned consistency (@test_panic_io.R#40)
    
     Error: testthat unit tests failed
     Execution halted
Flavors: r-devel-linux-x86_64-fedora-clang, r-devel-linux-x86_64-fedora-gcc

Version: 1.0.0
Check: tests
Result: ERROR
     Running 'testthat.R' [8s]
    Running the tests in 'tests/testthat.R' failed.
    Complete output:
     > library(testthat)
     > library(PANICr)
     >
     > test_check("PANICr")
     -- 1. Failure: Panic 10 demeaned consistency (@test_panic_io.R#25) ------------
     panic10(test1, nfac = 10L, k1 = 7, criteria = "IC1", demean = TRUE) not equal to `test_10_dm`.
     Component "MP.tests": Component "pool_test": Modes: character, numeric
     Component "MP.tests": Component "pool_test": Attributes: < target is NULL, current is list >
     Component "MP.tests": Component "pool_test": target is character, current is factor
     Component "MP.tests": Component "mp_test": Modes: character, numeric
     Component "MP.tests": Component "mp_test": Attributes: < target is NULL, current is list >
     Component "MP.tests": Component "mp_test": target is character, current is factor
    
     -- 2. Failure: Panic 10 non-demeaned consistency (@test_panic_io.R#40) --------
     panic10(test1, nfac = 10L, k1 = 7, criteria = "IC1", demean = FALSE) not equal to `test_10_ndm`.
     Component "MP.tests": Component "mp_test": Modes: character, numeric
     Component "MP.tests": Component "mp_test": Attributes: < target is NULL, current is list >
     Component "MP.tests": Component "mp_test": target is character, current is factor
    
     == testthat results ===========================================================
     [ OK: 1 | SKIPPED: 0 | WARNINGS: 0 | FAILED: 2 ]
     1. Failure: Panic 10 demeaned consistency (@test_panic_io.R#25)
     2. Failure: Panic 10 non-demeaned consistency (@test_panic_io.R#40)
    
     Error: testthat unit tests failed
     Execution halted
Flavor: r-devel-windows-ix86+x86_64

Version: 1.0.0
Check: tests
Result: ERROR
     Running 'testthat.R' [10s]
    Running the tests in 'tests/testthat.R' failed.
    Complete output:
     > library(testthat)
     > library(PANICr)
     >
     > test_check("PANICr")
     -- 1. Failure: Panic 10 demeaned consistency (@test_panic_io.R#25) ------------
     panic10(test1, nfac = 10L, k1 = 7, criteria = "IC1", demean = TRUE) not equal to `test_10_dm`.
     Component "MP.tests": Component "pool_test": Modes: character, numeric
     Component "MP.tests": Component "pool_test": Attributes: < target is NULL, current is list >
     Component "MP.tests": Component "pool_test": target is character, current is factor
     Component "MP.tests": Component "mp_test": Modes: character, numeric
     Component "MP.tests": Component "mp_test": Attributes: < target is NULL, current is list >
     Component "MP.tests": Component "mp_test": target is character, current is factor
    
     -- 2. Failure: Panic 10 non-demeaned consistency (@test_panic_io.R#40) --------
     panic10(test1, nfac = 10L, k1 = 7, criteria = "IC1", demean = FALSE) not equal to `test_10_ndm`.
     Component "MP.tests": Component "mp_test": Modes: character, numeric
     Component "MP.tests": Component "mp_test": Attributes: < target is NULL, current is list >
     Component "MP.tests": Component "mp_test": target is character, current is factor
    
     == testthat results ===========================================================
     [ OK: 1 | SKIPPED: 0 | WARNINGS: 0 | FAILED: 2 ]
     1. Failure: Panic 10 demeaned consistency (@test_panic_io.R#25)
     2. Failure: Panic 10 non-demeaned consistency (@test_panic_io.R#40)
    
     Error: testthat unit tests failed
     Execution halted
Flavor: r-devel-windows-ix86+x86_64-gcc8

Version: 1.0.0
Check: tests
Result: ERROR
     Running ‘testthat.R’ [9s/10s]
    Running the tests in ‘tests/testthat.R’ failed.
    Complete output:
     > library(testthat)
     > library(PANICr)
     >
     > test_check("PANICr")
     ── 1. Failure: Panic 10 demeaned consistency (@test_panic_io.R#25) ────────────
     panic10(test1, nfac = 10L, k1 = 7, criteria = "IC1", demean = TRUE) not equal to `test_10_dm`.
     Component "MP.tests": Component "pool_test": Modes: character, numeric
     Component "MP.tests": Component "pool_test": Attributes: < target is NULL, current is list >
     Component "MP.tests": Component "pool_test": target is character, current is factor
     Component "MP.tests": Component "mp_test": Modes: character, numeric
     Component "MP.tests": Component "mp_test": Attributes: < target is NULL, current is list >
     Component "MP.tests": Component "mp_test": target is character, current is factor
    
     ── 2. Failure: Panic 10 non-demeaned consistency (@test_panic_io.R#40) ────────
     panic10(test1, nfac = 10L, k1 = 7, criteria = "IC1", demean = FALSE) not equal to `test_10_ndm`.
     Component "MP.tests": Component "mp_test": Modes: character, numeric
     Component "MP.tests": Component "mp_test": Attributes: < target is NULL, current is list >
     Component "MP.tests": Component "mp_test": target is character, current is factor
    
     ══ testthat results ═══════════════════════════════════════════════════════════
     [ OK: 1 | SKIPPED: 0 | WARNINGS: 0 | FAILED: 2 ]
     1. Failure: Panic 10 demeaned consistency (@test_panic_io.R#25)
     2. Failure: Panic 10 non-demeaned consistency (@test_panic_io.R#40)
    
     Error: testthat unit tests failed
     Execution halted
Flavor: r-patched-linux-x86_64

Version: 1.0.0
Check: tests
Result: ERROR
     Running ‘testthat.R’ [26s/32s]
    Running the tests in ‘tests/testthat.R’ failed.
    Complete output:
     > library(testthat)
     > library(PANICr)
     >
     > test_check("PANICr")
     ── 1. Failure: Panic 10 demeaned consistency (@test_panic_io.R#25) ────────────
     panic10(test1, nfac = 10L, k1 = 7, criteria = "IC1", demean = TRUE) not equal to `test_10_dm`.
     Component "MP.tests": Component "pool_test": Modes: character, numeric
     Component "MP.tests": Component "pool_test": Attributes: < target is NULL, current is list >
     Component "MP.tests": Component "pool_test": target is character, current is factor
     Component "MP.tests": Component "mp_test": Modes: character, numeric
     Component "MP.tests": Component "mp_test": Attributes: < target is NULL, current is list >
     Component "MP.tests": Component "mp_test": target is character, current is factor
    
     ── 2. Failure: Panic 10 non-demeaned consistency (@test_panic_io.R#40) ────────
     panic10(test1, nfac = 10L, k1 = 7, criteria = "IC1", demean = FALSE) not equal to `test_10_ndm`.
     Component "MP.tests": Component "mp_test": Modes: character, numeric
     Component "MP.tests": Component "mp_test": Attributes: < target is NULL, current is list >
     Component "MP.tests": Component "mp_test": target is character, current is factor
    
     ══ testthat results ═══════════════════════════════════════════════════════════
     [ OK: 1 | SKIPPED: 0 | WARNINGS: 0 | FAILED: 2 ]
     1. Failure: Panic 10 demeaned consistency (@test_panic_io.R#25)
     2. Failure: Panic 10 non-demeaned consistency (@test_panic_io.R#40)
    
     Error: testthat unit tests failed
     Execution halted
Flavor: r-patched-solaris-x86