CRAN Package Check Results for Package PATHChange

Last updated on 2019-07-21 10:46:19 CEST.

Flavor Version Tinstall Tcheck Ttotal Status Flags
r-devel-linux-x86_64-debian-clang 1.0 2.72 26.62 29.34 OK
r-devel-linux-x86_64-debian-gcc 1.0 2.22 21.42 23.64 OK
r-devel-linux-x86_64-fedora-clang 1.0 35.20 NOTE
r-devel-linux-x86_64-fedora-gcc 1.0 33.22 OK
r-devel-windows-ix86+x86_64 1.0 7.00 65.00 72.00 NOTE
r-patched-linux-x86_64 1.0 2.53 25.57 28.10 OK
r-patched-solaris-x86 1.0 60.70 NOTE
r-release-linux-x86_64 1.0 2.83 25.69 28.52 OK
r-release-windows-ix86+x86_64 1.0 6.00 39.00 45.00 NOTE
r-release-osx-x86_64 1.0 NOTE
r-oldrel-windows-ix86+x86_64 1.0 7.00 52.00 59.00 NOTE
r-oldrel-osx-x86_64 1.0 NOTE

Check Details

Version: 1.0
Check: installed package size
Result: NOTE
     installed size is 5.8Mb
     sub-directories of 1Mb or more:
     extdata 5.7Mb
Flavors: r-devel-linux-x86_64-fedora-clang, r-devel-windows-ix86+x86_64, r-patched-solaris-x86, r-release-windows-ix86+x86_64, r-release-osx-x86_64, r-oldrel-windows-ix86+x86_64, r-oldrel-osx-x86_64