CRAN Package Check Results for Package PATHChange

Last updated on 2019-04-23 16:50:48 CEST.

Flavor Version Tinstall Tcheck Ttotal Status Flags
r-devel-linux-x86_64-debian-clang 1.0 3.13 27.00 30.13 OK
r-devel-linux-x86_64-debian-gcc 1.0 2.53 21.27 23.80 OK
r-devel-linux-x86_64-fedora-clang 1.0 34.58 NOTE
r-devel-linux-x86_64-fedora-gcc 1.0 35.65 OK
r-devel-windows-ix86+x86_64 1.0 13.00 46.00 59.00 NOTE
r-patched-linux-x86_64 1.0 2.66 26.15 28.81 OK
r-patched-solaris-x86 1.0 55.40 NOTE
r-release-linux-x86_64 1.0 1.85 24.58 26.43 OK
r-release-windows-ix86+x86_64 1.0 4.00 48.00 52.00 NOTE
r-release-osx-x86_64 1.0 NOTE
r-oldrel-windows-ix86+x86_64 1.0 8.00 49.00 57.00 NOTE
r-oldrel-osx-x86_64 1.0 NOTE

Check Details

Version: 1.0
Check: installed package size
Result: NOTE
     installed size is 5.8Mb
     sub-directories of 1Mb or more:
     extdata 5.7Mb
Flavors: r-devel-linux-x86_64-fedora-clang, r-devel-windows-ix86+x86_64, r-patched-solaris-x86, r-release-windows-ix86+x86_64, r-release-osx-x86_64, r-oldrel-windows-ix86+x86_64, r-oldrel-osx-x86_64