CRAN Package Check Results for Package PAsso

Last updated on 2021-05-06 04:48:15 CEST.

Flavor Version Tinstall Tcheck Ttotal Status Flags
r-devel-linux-x86_64-debian-clang 0.1.8 31.84 178.03 209.87 OK
r-devel-linux-x86_64-debian-gcc 0.1.8 22.20 129.34 151.54 OK
r-devel-linux-x86_64-fedora-clang 0.1.8 261.39 NOTE
r-devel-linux-x86_64-fedora-gcc 0.1.8 256.57 NOTE
r-devel-windows-ix86+x86_64 0.1.8 75.00 312.00 387.00 OK
r-devel-windows-x86_64-gcc10-UCRT 0.1.8 NOTE
r-patched-linux-x86_64 0.1.8 32.32 166.51 198.83 OK
r-patched-solaris-x86 0.1.8 349.20 NOTE
r-release-linux-x86_64 0.1.8 28.61 161.00 189.61 OK
r-release-macos-x86_64 0.1.8 NOTE
r-release-windows-ix86+x86_64 0.1.8 54.00 245.00 299.00 OK
r-oldrel-macos-x86_64 0.1.8 NOTE
r-oldrel-windows-ix86+x86_64 0.1.8 64.00 297.00 361.00 OK

Check Details

Version: 0.1.8
Check: dependencies in R code
Result: NOTE
    Namespaces in Imports field not imported from:
     ‘doParallel’ ‘goftest’ ‘tidyverse’
     All declared Imports should be used.
Flavors: r-devel-linux-x86_64-fedora-clang, r-devel-linux-x86_64-fedora-gcc, r-devel-windows-x86_64-gcc10-UCRT, r-patched-solaris-x86, r-release-macos-x86_64, r-oldrel-macos-x86_64

Version: 0.1.8
Check: Rd cross-references
Result: NOTE
    Undeclared packages ‘sure’, ‘truncdist’ in Rd xrefs
Flavor: r-devel-linux-x86_64-fedora-clang