CRAN Package Check Results for Package PAutilities

Last updated on 2020-03-31 18:47:45 CEST.

Flavor Version Tinstall Tcheck Ttotal Status Flags
r-devel-linux-x86_64-debian-clang 0.3.1 7.57 67.82 75.39 OK
r-devel-linux-x86_64-debian-gcc 0.3.1 6.44 55.08 61.52 OK
r-devel-linux-x86_64-fedora-clang 0.3.1 90.00 WARN
r-devel-linux-x86_64-fedora-gcc 0.3.1 85.86 OK
r-devel-windows-ix86+x86_64 0.3.1 22.00 76.00 98.00 OK
r-devel-windows-ix86+x86_64-gcc8 0.3.1 16.00 77.00 93.00 OK
r-patched-linux-x86_64 0.3.1 7.22 64.29 71.51 OK
r-patched-solaris-x86 0.3.1 129.20 OK
r-release-linux-x86_64 0.3.1 5.86 63.13 68.99 OK
r-release-windows-ix86+x86_64 0.3.1 24.00 107.00 131.00 OK
r-release-osx-x86_64 0.3.1 OK
r-oldrel-windows-ix86+x86_64 0.3.1 13.00 115.00 128.00 OK
r-oldrel-osx-x86_64 0.3.1 OK

Check Details

Version: 0.3.1
Check: package dependencies
Result: WARN
    Requires orphaned package: ‘clues’
Flavor: r-devel-linux-x86_64-fedora-clang