CRAN Package Check Results for Package PBD

Last updated on 2022-07-05 03:53:39 CEST.

Flavor Version Tinstall Tcheck Ttotal Status Flags
r-devel-linux-x86_64-debian-clang 1.4 4.44 88.74 93.18 OK
r-devel-linux-x86_64-debian-gcc 1.4 3.14 63.72 66.86 OK
r-devel-linux-x86_64-fedora-clang 1.4 118.41 NOTE
r-devel-linux-x86_64-fedora-gcc 1.4 119.84 NOTE
r-devel-windows-x86_64 1.4 13.00 106.00 119.00 OK
r-patched-linux-x86_64 1.4 3.29 84.50 87.79 OK
r-release-linux-x86_64 1.4 3.29 85.00 88.29 OK
r-release-macos-arm64 1.4 35.00 NOTE
r-release-macos-x86_64 1.4 42.00 NOTE
r-release-windows-x86_64 1.4 10.00 110.00 120.00 OK
r-oldrel-macos-arm64 1.4 42.00 NOTE
r-oldrel-macos-x86_64 1.4 52.00 NOTE
r-oldrel-windows-ix86+x86_64 1.4 9.00 114.00 123.00 OK

Check Details

Version: 1.4
Check: dependencies in R code
Result: NOTE
    Namespace in Imports field not imported from: ‘ade4’
     All declared Imports should be used.
Flavors: r-devel-linux-x86_64-fedora-clang, r-devel-linux-x86_64-fedora-gcc, r-release-macos-arm64, r-release-macos-x86_64, r-oldrel-macos-arm64, r-oldrel-macos-x86_64