CRAN Package Check Results for Package PBIR

Last updated on 2021-12-08 13:56:14 CET.

Flavor Version Tinstall Tcheck Ttotal Status Flags
r-devel-linux-x86_64-debian-clang 0.1-0 6.97 80.21 87.18 NOTE
r-devel-linux-x86_64-debian-gcc 0.1-0 6.15 63.87 70.02 NOTE
r-devel-linux-x86_64-fedora-clang 0.1-0 109.79 NOTE
r-devel-linux-x86_64-fedora-gcc 0.1-0 97.27 NOTE
r-devel-windows-x86_64-new-UL 0.1-0 14.00 136.00 150.00 NOTE
r-devel-windows-x86_64-new-TK 0.1-0 NOTE
r-devel-windows-x86_64-old 0.1-0 11.00 109.00 120.00 NOTE
r-patched-linux-x86_64 0.1-0 7.12 78.11 85.23 NOTE
r-release-linux-x86_64 0.1-0 7.88 78.79 86.67 NOTE
r-release-macos-arm64 0.1-0 NOTE
r-release-macos-x86_64 0.1-0 NOTE
r-release-windows-ix86+x86_64 0.1-0 11.00 99.00 110.00 NOTE
r-oldrel-macos-x86_64 0.1-0 OK
r-oldrel-windows-ix86+x86_64 0.1-0 17.00 103.00 120.00 OK

Check Details

Version: 0.1-0
Check: LazyData
Result: NOTE
     'LazyData' is specified without a 'data' directory
Flavors: r-devel-linux-x86_64-debian-clang, r-devel-linux-x86_64-debian-gcc, r-devel-linux-x86_64-fedora-clang, r-devel-linux-x86_64-fedora-gcc, r-devel-windows-x86_64-new-UL, r-devel-windows-x86_64-new-TK, r-devel-windows-x86_64-old, r-patched-linux-x86_64, r-release-linux-x86_64, r-release-macos-arm64, r-release-macos-x86_64, r-release-windows-ix86+x86_64