CRAN Package Check Results for Package PBNPA

Last updated on 2022-10-02 20:52:51 CEST.

Flavor Version Tinstall Tcheck Ttotal Status Flags
r-devel-linux-x86_64-debian-clang 0.0.3 2.00 25.99 27.99 NOTE
r-devel-linux-x86_64-debian-gcc 0.0.3 1.68 19.73 21.41 NOTE
r-devel-linux-x86_64-fedora-clang 0.0.3 45.79 NOTE
r-devel-linux-x86_64-fedora-gcc 0.0.3 43.03 NOTE
r-devel-windows-x86_64 0.0.3 7.00 51.00 58.00 NOTE
r-patched-linux-x86_64 0.0.3 1.94 24.88 26.82 NOTE
r-release-linux-x86_64 0.0.3 1.86 24.59 26.45 NOTE
r-release-macos-arm64 0.0.3 15.00 NOTE
r-release-macos-x86_64 0.0.3 20.00 NOTE
r-release-windows-x86_64 0.0.3 5.00 48.00 53.00 NOTE
r-oldrel-macos-arm64 0.0.3 19.00 NOTE
r-oldrel-macos-x86_64 0.0.3 24.00 NOTE
r-oldrel-windows-ix86+x86_64 0.0.3 5.00 47.00 52.00 NOTE

Check Details

Version: 0.0.3
Check: LazyData
Result: NOTE
     'LazyData' is specified without a 'data' directory
Flavors: r-devel-linux-x86_64-debian-clang, r-devel-linux-x86_64-debian-gcc, r-devel-linux-x86_64-fedora-clang, r-devel-linux-x86_64-fedora-gcc, r-devel-windows-x86_64, r-patched-linux-x86_64, r-release-linux-x86_64, r-release-macos-arm64, r-release-macos-x86_64, r-release-windows-x86_64, r-oldrel-macos-arm64, r-oldrel-macos-x86_64, r-oldrel-windows-ix86+x86_64