CRAN Package Check Results for Package PBSmapping

Last updated on 2019-07-21 21:47:01 CEST.

Flavor Version Tinstall Tcheck Ttotal Status Flags
r-devel-linux-x86_64-debian-clang 2.72.1 20.07 77.25 97.32 OK
r-devel-linux-x86_64-debian-gcc 2.72.1 16.15 61.58 77.73 OK
r-devel-linux-x86_64-fedora-clang 2.72.1 118.45 NOTE
r-devel-linux-x86_64-fedora-gcc 2.72.1 115.81 OK
r-devel-windows-ix86+x86_64 2.72.1 44.00 154.00 198.00 NOTE
r-patched-linux-x86_64 2.72.1 18.58 77.80 96.38 OK
r-patched-solaris-x86 2.72.1 161.40 NOTE
r-release-linux-x86_64 2.72.1 17.83 76.86 94.69 OK
r-release-windows-ix86+x86_64 2.72.1 39.00 117.00 156.00 NOTE
r-release-osx-x86_64 2.72.1 NOTE
r-oldrel-windows-ix86+x86_64 2.72.1 55.00 105.00 160.00 NOTE
r-oldrel-osx-x86_64 2.72.1 NOTE

Check Details

Version: 2.72.1
Check: installed package size
Result: NOTE
     installed size is 6.5Mb
     sub-directories of 1Mb or more:
     data 2.7Mb
     doc 1.1Mb
     libs 1.2Mb
Flavors: r-devel-linux-x86_64-fedora-clang, r-devel-windows-ix86+x86_64, r-patched-solaris-x86, r-release-windows-ix86+x86_64, r-release-osx-x86_64, r-oldrel-windows-ix86+x86_64, r-oldrel-osx-x86_64