Last updated on 2021-04-17 00:48:19 CEST.
Flavor | Version | Tinstall | Tcheck | Ttotal | Status | Flags |
---|---|---|---|---|---|---|
r-devel-linux-x86_64-debian-clang | 2.73.0 | 21.89 | 92.29 | 114.18 | OK | |
r-devel-linux-x86_64-debian-gcc | 2.73.0 | 16.36 | 70.26 | 86.62 | OK | |
r-devel-linux-x86_64-fedora-clang | 2.73.0 | 152.29 | NOTE | |||
r-devel-linux-x86_64-fedora-gcc | 2.73.0 | 136.58 | OK | |||
r-devel-windows-ix86+x86_64 | 2.73.0 | 54.00 | 146.00 | 200.00 | NOTE | |
r-devel-windows-x86_64-gcc10-UCRT | 2.73.0 | OK | ||||
r-patched-linux-x86_64 | 2.73.0 | 18.35 | 85.58 | 103.93 | OK | |
r-patched-solaris-x86 | 2.73.0 | 178.60 | NOTE | |||
r-release-linux-x86_64 | 2.73.0 | 19.09 | 85.67 | 104.76 | OK | |
r-release-macos-x86_64 | 2.73.0 | NOTE | ||||
r-release-windows-ix86+x86_64 | 2.73.0 | 45.00 | 149.00 | 194.00 | NOTE | |
r-oldrel-macos-x86_64 | 2.73.0 | NOTE | ||||
r-oldrel-windows-ix86+x86_64 | 2.73.0 | 33.00 | 137.00 | 170.00 | NOTE |
Version: 2.73.0
Check: installed package size
Result: NOTE
installed size is 6.8Mb
sub-directories of 1Mb or more:
data 2.7Mb
doc 1.1Mb
libs 1.4Mb
Flavors: r-devel-linux-x86_64-fedora-clang, r-devel-windows-ix86+x86_64, r-patched-solaris-x86, r-release-macos-x86_64, r-release-windows-ix86+x86_64, r-oldrel-macos-x86_64, r-oldrel-windows-ix86+x86_64