CRAN Package Check Results for Package PCADSC

Last updated on 2021-12-02 19:53:18 CET.

Flavor Version Tinstall Tcheck Ttotal Status Flags
r-devel-linux-x86_64-debian-clang 0.8.0 5.95 57.85 63.80 NOTE
r-devel-linux-x86_64-debian-gcc 0.8.0 4.01 43.46 47.47 NOTE
r-devel-linux-x86_64-fedora-clang 0.8.0 86.23 NOTE
r-devel-linux-x86_64-fedora-gcc 0.8.0 74.98 NOTE
r-devel-windows-x86_64-new-UL 0.8.0 11.00 92.00 103.00 NOTE
r-devel-windows-x86_64-new-TK 0.8.0 NOTE
r-devel-windows-x86_64-old 0.8.0 9.00 58.00 67.00 NOTE
r-patched-linux-x86_64 0.8.0 5.73 51.75 57.48 NOTE
r-patched-solaris-x86 0.8.0 107.60 NOTE
r-release-linux-x86_64 0.8.0 4.95 52.28 57.23 NOTE
r-release-macos-arm64 0.8.0 NOTE
r-release-macos-x86_64 0.8.0 NOTE
r-release-windows-ix86+x86_64 0.8.0 14.00 75.00 89.00 NOTE
r-oldrel-macos-x86_64 0.8.0 NOTE
r-oldrel-windows-ix86+x86_64 0.8.0 14.00 77.00 91.00 OK

Check Details

Version: 0.8.0
Check: LazyData
Result: NOTE
     'LazyData' is specified without a 'data' directory
Flavors: r-devel-linux-x86_64-debian-clang, r-devel-linux-x86_64-debian-gcc, r-devel-linux-x86_64-fedora-clang, r-devel-linux-x86_64-fedora-gcc, r-devel-windows-x86_64-new-UL, r-devel-windows-x86_64-new-TK, r-devel-windows-x86_64-old, r-patched-linux-x86_64, r-patched-solaris-x86, r-release-linux-x86_64, r-release-macos-arm64, r-release-macos-x86_64, r-release-windows-ix86+x86_64

Version: 0.8.0
Check: dependencies in R code
Result: NOTE
    Namespaces in Imports field not imported from:
     ‘Matrix’ ‘pander’
     All declared Imports should be used.
Flavors: r-devel-linux-x86_64-fedora-clang, r-devel-linux-x86_64-fedora-gcc, r-devel-windows-x86_64-new-TK, r-patched-solaris-x86, r-release-macos-arm64, r-release-macos-x86_64, r-oldrel-macos-x86_64

Version: 0.8.0
Check: Rd cross-references
Result: NOTE
    Undeclared packages ‘tibble’, ‘data.table’ in Rd xrefs
Flavor: r-devel-linux-x86_64-fedora-clang