CRAN Package Check Results for Package PCGSE

Last updated on 2021-12-06 14:53:59 CET.

Flavor Version Tinstall Tcheck Ttotal Status Flags
r-devel-linux-x86_64-debian-clang 0.4 17.38 169.11 186.49 OK
r-devel-linux-x86_64-debian-gcc 0.4 16.74 129.07 145.81 OK
r-devel-linux-x86_64-fedora-clang 0.4 233.44 OK
r-devel-linux-x86_64-fedora-gcc 0.4 212.99 OK
r-devel-windows-x86_64-new-UL 0.4 27.00 197.00 224.00 OK
r-devel-windows-x86_64-new-TK 0.4 OK
r-devel-windows-x86_64-old 0.4 28.00 137.00 165.00 OK
r-patched-linux-x86_64 0.4 17.58 152.07 169.65 OK
r-release-linux-x86_64 0.4 15.46 164.21 179.67 OK
r-release-macos-arm64 0.4 ERROR
r-release-macos-x86_64 0.4 OK
r-release-windows-ix86+x86_64 0.4 44.00 180.00 224.00 OK
r-oldrel-macos-x86_64 0.4 OK
r-oldrel-windows-ix86+x86_64 0.4 32.00 134.00 166.00 OK

Check Details

Version: 0.4
Check: package dependencies
Result: ERROR
    Package required but not available: ‘safe’
    
    See section ‘The DESCRIPTION file’ in the ‘Writing R Extensions’
    manual.
Flavor: r-release-macos-arm64