CRAN Package Check Results for Package PCICt

Last updated on 2021-10-17 23:50:45 CEST.

Flavor Version Tinstall Tcheck Ttotal Status Flags
r-devel-linux-x86_64-debian-clang 0.5-4.1 4.71 27.12 31.83 OK
r-devel-linux-x86_64-debian-gcc 0.5-4.1 3.45 21.67 25.12 OK
r-devel-linux-x86_64-fedora-clang 0.5-4.1 49.02 NOTE
r-devel-linux-x86_64-fedora-gcc 0.5-4.1 39.14 NOTE
r-devel-windows-x86_64 0.5-4.1 7.00 47.00 54.00 OK
r-devel-windows-x86_64-gcc10-UCRT 0.5-4.1 OK
r-patched-linux-x86_64 0.5-4.1 3.86 26.71 30.57 OK
r-patched-solaris-x86 0.5-4.1 61.80 OK
r-release-linux-x86_64 0.5-4.1 4.31 26.69 31.00 OK
r-release-macos-arm64 0.5-4.1 OK
r-release-macos-x86_64 0.5-4.1 OK
r-release-windows-ix86+x86_64 0.5-4.1 11.00 53.00 64.00 OK
r-oldrel-macos-x86_64 0.5-4.1 OK
r-oldrel-windows-ix86+x86_64 0.5-4.1 33.00 44.00 77.00 OK

Additional issues

rchk

Check Details

Version: 0.5-4.1
Check: compiled code
Result: NOTE
    File ‘PCICt/libs/PCICt.so’:
     Found no call to: ‘R_useDynamicSymbols’
    
    It is good practice to register native routines and to disable symbol
    search.
    
    See ‘Writing portable packages’ in the ‘Writing R Extensions’ manual.
Flavors: r-devel-linux-x86_64-fedora-clang, r-devel-linux-x86_64-fedora-gcc