CRAN Package Check Results for Package PCMBase

Last updated on 2019-07-24 04:46:24 CEST.

Flavor Version Tinstall Tcheck Ttotal Status Flags
r-devel-linux-x86_64-debian-clang 1.2.9 14.96 145.44 160.40 OK
r-devel-linux-x86_64-debian-gcc 1.2.9 12.01 112.73 124.74 OK
r-devel-linux-x86_64-fedora-clang 1.2.9 195.40 OK
r-devel-linux-x86_64-fedora-gcc 1.2.9 208.92 OK
r-devel-windows-ix86+x86_64 1.2.9 27.00 144.00 171.00 OK
r-patched-linux-x86_64 1.2.9 15.23 136.87 152.10 OK
r-patched-solaris-x86 1.2.9 237.70 OK
r-release-linux-x86_64 1.2.9 14.23 136.88 151.11 OK
r-release-windows-ix86+x86_64 1.2.9 28.00 138.00 166.00 OK
r-release-osx-x86_64 1.2.9 NOTE
r-oldrel-windows-ix86+x86_64 1.2.9 25.00 177.00 202.00 WARN
r-oldrel-osx-x86_64 1.2.9 OK

Check Details

Version: 1.2.9
Check: package dependencies
Result: NOTE
    Package suggested but not available for checking: ‘ggtree’
Flavor: r-release-osx-x86_64

Version: 1.2.9
Check: whether package can be installed
Result: WARN
    Found the following significant warnings:
     Warning: S3 methods '[.fun_list', '[.grouped_df', 'all.equal.tbl_df', 'anti_join.data.frame', 'anti_join.tbl_df', 'arrange.data.frame', 'arrange.default', 'arrange.grouped_df', 'arrange.tbl_df', 'arrange_.data.frame', 'arrange_.tbl_df', 'as.data.frame.grouped_df', 'as.data.frame.rowwise_df', 'as.data.frame.tbl_cube', 'as.table.tbl_cube', 'as.tbl.data.frame', 'as.tbl.tbl', 'as.tbl_cube.array', 'as.tbl_cube.data.frame', 'as.tbl_cube.matrix', 'as.tbl_cube.table', 'as_tibble.grouped_df', 'as_tibble.tbl_cube', 'auto_copy.tbl_cube', 'auto_copy.tbl_df', 'cbind.grouped_df', 'collapse.data.frame', 'collect.data.frame', 'common_by.NULL', 'common_by.character', 'common_by.default', 'common_by.list', 'compute.data.frame', 'copy_to.DBIConnection', 'copy_to.src_local', 'default_missing.data.frame', 'default_missing.default', 'dim.tbl_cube', 'distinct.data.frame', 'distinct.default', 'distinct.grouped_df', 'distinct.tbl_df', 'distinct_.data.frame', 'distinct_.grouped_df', 'distinct_.tbl_df', 'do.NULL', 'do.da [... truncated]
Flavor: r-oldrel-windows-ix86+x86_64