Last updated on 2023-02-08 04:07:11 CET.
Flavor | Version | Tinstall | Tcheck | Ttotal | Status | Flags |
---|---|---|---|---|---|---|
r-devel-linux-x86_64-debian-clang | 0.1-4 | 45.19 | 97.86 | 143.05 | NOTE | |
r-devel-linux-x86_64-debian-gcc | 0.1-4 | 35.65 | 69.80 | 105.45 | NOTE | |
r-devel-linux-x86_64-fedora-clang | 0.1-4 | 192.29 | NOTE | |||
r-devel-linux-x86_64-fedora-gcc | 0.1-4 | 192.20 | NOTE | |||
r-devel-windows-x86_64 | 0.1-4 | 45.00 | 130.00 | 175.00 | NOTE | |
r-patched-linux-x86_64 | 0.1-4 | 43.98 | 90.56 | 134.54 | OK | |
r-release-linux-x86_64 | 0.1-4 | 43.10 | 91.28 | 134.38 | OK | |
r-release-macos-arm64 | 0.1-4 | 51.00 | OK | |||
r-release-macos-x86_64 | 0.1-4 | 64.00 | OK | |||
r-release-windows-x86_64 | 0.1-4 | 42.00 | 139.00 | 181.00 | OK | |
r-oldrel-macos-arm64 | 0.1-4 | 53.00 | OK | |||
r-oldrel-macos-x86_64 | 0.1-4 | 66.00 | OK | |||
r-oldrel-windows-ix86+x86_64 | 0.1-4 | 109.00 | 169.00 | 278.00 | OK |
Version: 0.1-4
Check: C++ specification
Result: NOTE
Specified C++11: please update to current default of C++17
Flavors: r-devel-linux-x86_64-debian-clang, r-devel-windows-x86_64
Version: 0.1-4
Check: C++ specification
Result: NOTE
Specified C++11: please drop specification unless essential
Flavors: r-devel-linux-x86_64-debian-gcc, r-devel-linux-x86_64-fedora-clang, r-devel-linux-x86_64-fedora-gcc