CRAN Package Check Results for Package PCMRS

Last updated on 2021-09-19 14:49:34 CEST.

Flavor Version Tinstall Tcheck Ttotal Status Flags
r-devel-linux-x86_64-debian-clang 0.1-2 44.34 88.25 132.59 OK
r-devel-linux-x86_64-debian-gcc 0.1-2 31.39 64.34 95.73 OK
r-devel-linux-x86_64-fedora-clang 0.1-2 184.94 OK
r-devel-linux-x86_64-fedora-gcc 0.1-2 157.47 OK
r-devel-windows-x86_64 0.1-2 39.00 79.00 118.00 OK
r-devel-windows-x86_64-gcc10-UCRT 0.1-2 ERROR
r-patched-linux-x86_64 0.1-2 38.52 80.67 119.19 OK
r-patched-solaris-x86 0.1-2 225.20 OK
r-release-linux-x86_64 0.1-2 38.22 81.90 120.12 OK
r-release-macos-arm64 0.1-2 OK
r-release-macos-x86_64 0.1-2 OK
r-release-windows-ix86+x86_64 0.1-2 104.00 145.00 249.00 OK
r-oldrel-macos-x86_64 0.1-2 OK
r-oldrel-windows-ix86+x86_64 0.1-2 102.00 113.00 215.00 OK

Check Details

Version: 0.1-2
Check: whether package can be installed
Result: ERROR
    Installation failed.
Flavor: r-devel-windows-x86_64-gcc10-UCRT