CRAN Package Check Results for Package PCRA

Last updated on 2023-11-29 15:50:25 CET.

Flavor Version Tinstall Tcheck Ttotal Status Flags
r-devel-linux-x86_64-debian-clang 1.2 17.79 63.43 81.22 NOTE
r-devel-linux-x86_64-debian-gcc 1.2 14.21 48.06 62.27 NOTE
r-devel-linux-x86_64-fedora-clang 1.2 110.99 OK
r-devel-linux-x86_64-fedora-gcc 1.2 110.10 OK
r-devel-windows-x86_64 1.2 18.00 80.00 98.00 OK
r-patched-linux-x86_64 1.2 17.95 60.02 77.97 OK
r-release-linux-x86_64 1.2 17.36 59.92 77.28 OK
r-release-macos-arm64 1.2 46.00 OK
r-release-macos-x86_64 1.2 82.00 OK
r-release-windows-x86_64 1.2 21.00 90.00 111.00 OK
r-oldrel-macos-arm64 1.2 42.00 OK
r-oldrel-macos-x86_64 1.2 61.00 OK
r-oldrel-windows-x86_64 1.2 23.00 95.00 118.00 OK

Check Details

Version: 1.2
Check: Rd files
Result: NOTE checkRd: (-1) getPCRAData.Rd:28: Lost braces in \itemize; meant \describe ? checkRd: (-1) getPCRAData.Rd:29: Lost braces in \itemize; meant \describe ? Flavors: r-devel-linux-x86_64-debian-clang, r-devel-linux-x86_64-debian-gcc