CRAN Package Check Results for Package PDFEstimator

Last updated on 2019-07-20 23:47:32 CEST.

Flavor Version Tinstall Tcheck Ttotal Status Flags
r-devel-linux-x86_64-debian-clang 0.1-3 12.63 15.87 28.50 OK
r-devel-linux-x86_64-debian-gcc 0.1-3 10.30 13.44 23.74 OK
r-devel-linux-x86_64-fedora-clang 0.1-3 47.11 NOTE
r-devel-linux-x86_64-fedora-gcc 0.1-3 37.50 NOTE
r-devel-windows-ix86+x86_64 0.1-3 30.00 40.00 70.00 OK
r-patched-linux-x86_64 0.1-3 11.88 15.97 27.85 OK
r-patched-solaris-x86 0.1-3 67.00 OK
r-release-linux-x86_64 0.1-3 12.20 15.92 28.12 OK
r-release-windows-ix86+x86_64 0.1-3 29.00 55.00 84.00 OK
r-release-osx-x86_64 0.1-3 OK
r-oldrel-windows-ix86+x86_64 0.1-3 27.00 37.00 64.00 OK
r-oldrel-osx-x86_64 0.1-3 OK

Check Details

Version: 0.1-3
Check: compiled code
Result: NOTE
    File ‘PDFEstimator/libs/PDFEstimator.so’:
     Found no calls to: ‘R_registerRoutines’, ‘R_useDynamicSymbols’
    
    It is good practice to register native routines and to disable symbol
    search.
    
    See ‘Writing portable packages’ in the ‘Writing R Extensions’ manual.
Flavors: r-devel-linux-x86_64-fedora-clang, r-devel-linux-x86_64-fedora-gcc