CRAN Package Check Results for Package PDFEstimator

Last updated on 2019-11-14 21:47:09 CET.

Flavor Version Tinstall Tcheck Ttotal Status Flags
r-devel-linux-x86_64-debian-clang 0.1-3 15.19 15.73 30.92 OK
r-devel-linux-x86_64-debian-gcc 0.1-3 10.60 12.82 23.42 OK
r-devel-linux-x86_64-fedora-clang 0.1-3 49.30 NOTE
r-devel-linux-x86_64-fedora-gcc 0.1-3 39.39 NOTE
r-devel-windows-ix86+x86_64 0.1-3 32.00 42.00 74.00 OK
r-patched-linux-x86_64 0.1-3 11.32 15.54 26.86 OK
r-patched-solaris-x86 0.1-3 64.10 OK
r-release-linux-x86_64 0.1-3 11.98 15.43 27.41 OK
r-release-windows-ix86+x86_64 0.1-3 29.00 55.00 84.00 OK
r-release-osx-x86_64 0.1-3 OK
r-oldrel-windows-ix86+x86_64 0.1-3 27.00 37.00 64.00 OK
r-oldrel-osx-x86_64 0.1-3 OK

Check Details

Version: 0.1-3
Check: compiled code
Result: NOTE
    File ‘PDFEstimator/libs/PDFEstimator.so’:
     Found no calls to: ‘R_registerRoutines’, ‘R_useDynamicSymbols’
    
    It is good practice to register native routines and to disable symbol
    search.
    
    See ‘Writing portable packages’ in the ‘Writing R Extensions’ manual.
Flavors: r-devel-linux-x86_64-fedora-clang, r-devel-linux-x86_64-fedora-gcc