CRAN Package Check Results for Package PDMIF

Last updated on 2023-02-08 00:54:55 CET.

Flavor Version Tinstall Tcheck Ttotal Status Flags
r-devel-linux-x86_64-debian-clang 0.1.0 7.75 67.74 75.49 OK
r-devel-linux-x86_64-debian-gcc 0.1.0 5.63 49.24 54.87 OK
r-devel-linux-x86_64-fedora-clang 0.1.0 88.57 NOTE
r-devel-linux-x86_64-fedora-gcc 0.1.0 86.25 NOTE
r-devel-windows-x86_64 0.1.0 27.00 98.00 125.00 OK
r-patched-linux-x86_64 0.1.0 7.39 64.16 71.55 OK
r-release-linux-x86_64 0.1.0 5.98 62.59 68.57 OK
r-release-macos-arm64 0.1.0 32.00 NOTE
r-release-macos-x86_64 0.1.0 38.00 NOTE
r-release-windows-x86_64 0.1.0 25.00 97.00 122.00 OK
r-oldrel-macos-arm64 0.1.0 27.00 NOTE
r-oldrel-macos-x86_64 0.1.0 42.00 NOTE
r-oldrel-windows-ix86+x86_64 0.1.0 12.00 95.00 107.00 OK

Check Details

Version: 0.1.0
Check: dependencies in R code
Result: NOTE
    Namespace in Imports field not imported from: ‘ncvreg’
     All declared Imports should be used.
Flavors: r-devel-linux-x86_64-fedora-clang, r-devel-linux-x86_64-fedora-gcc, r-release-macos-arm64, r-release-macos-x86_64, r-oldrel-macos-arm64, r-oldrel-macos-x86_64