CRAN Package Check Results for Package PDMIF

Last updated on 2022-09-29 02:49:47 CEST.

Flavor Version Tinstall Tcheck Ttotal Status Flags
r-devel-linux-x86_64-debian-clang 0.1.0 6.58 67.23 73.81 OK
r-devel-linux-x86_64-debian-gcc 0.1.0 4.68 50.08 54.76 OK
r-devel-linux-x86_64-fedora-clang 0.1.0 100.21 NOTE
r-devel-linux-x86_64-fedora-gcc 0.1.0 97.55 NOTE
r-devel-windows-x86_64 0.1.0 16.00 101.00 117.00 OK
r-patched-linux-x86_64 0.1.0 7.58 63.70 71.28 OK
r-release-linux-x86_64 0.1.0 5.20 63.51 68.71 OK
r-release-macos-arm64 0.1.0 32.00 NOTE
r-release-macos-x86_64 0.1.0 38.00 NOTE
r-release-windows-x86_64 0.1.0 17.00 95.00 112.00 OK
r-oldrel-macos-arm64 0.1.0 27.00 NOTE
r-oldrel-macos-x86_64 0.1.0 42.00 NOTE
r-oldrel-windows-ix86+x86_64 0.1.0 12.00 90.00 102.00 OK

Check Details

Version: 0.1.0
Check: dependencies in R code
Result: NOTE
    Namespace in Imports field not imported from: ‘ncvreg’
     All declared Imports should be used.
Flavors: r-devel-linux-x86_64-fedora-clang, r-devel-linux-x86_64-fedora-gcc, r-release-macos-arm64, r-release-macos-x86_64, r-oldrel-macos-arm64, r-oldrel-macos-x86_64