CRAN Package Check Results for Package PDN

Last updated on 2020-04-09 00:50:35 CEST.

Flavor Version Tinstall Tcheck Ttotal Status Flags
r-devel-linux-x86_64-debian-clang 0.1.0 9.31 136.04 145.35 OK
r-devel-linux-x86_64-debian-gcc 0.1.0 7.36 104.27 111.63 OK
r-devel-linux-x86_64-fedora-clang 0.1.0 170.46 NOTE
r-devel-linux-x86_64-fedora-gcc 0.1.0 176.14 NOTE
r-devel-windows-ix86+x86_64 0.1.0 22.00 149.00 171.00 OK
r-devel-windows-ix86+x86_64-gcc8 0.1.0 20.00 138.00 158.00 OK
r-patched-linux-x86_64 0.1.0 7.42 131.66 139.08 OK
r-patched-solaris-x86 0.1.0 232.90 NOTE
r-release-linux-x86_64 0.1.0 7.86 119.68 127.54 OK
r-release-windows-ix86+x86_64 0.1.0 17.00 173.00 190.00 OK
r-release-osx-x86_64 0.1.0 NOTE
r-oldrel-windows-ix86+x86_64 0.1.0 18.00 171.00 189.00 OK
r-oldrel-osx-x86_64 0.1.0 NOTE

Check Details

Version: 0.1.0
Check: dependencies in R code
Result: NOTE
    Namespace in Imports field not imported from: ‘glmnet’
     All declared Imports should be used.
Flavors: r-devel-linux-x86_64-fedora-clang, r-devel-linux-x86_64-fedora-gcc, r-patched-solaris-x86, r-release-osx-x86_64, r-oldrel-osx-x86_64