CRAN Package Check Results for Package PDQutils

Last updated on 2024-05-28 09:55:08 CEST.

Flavor Version Tinstall Tcheck Ttotal Status Flags
r-devel-linux-x86_64-debian-clang 0.1.6 3.50 63.69 67.19 OK
r-devel-linux-x86_64-debian-gcc 0.1.6 2.32 45.75 48.07 WARN
r-devel-linux-x86_64-fedora-clang 0.1.6 88.07 OK
r-devel-linux-x86_64-fedora-gcc 0.1.6 94.59 OK
r-devel-windows-x86_64 0.1.6 5.00 87.00 92.00 OK
r-patched-linux-x86_64 0.1.6 3.31 62.08 65.39 OK
r-release-linux-x86_64 0.1.6 2.33 62.83 65.16 OK
r-release-macos-arm64 0.1.6 33.00 OK
r-release-windows-x86_64 0.1.6 3.00 96.00 99.00 OK
r-oldrel-macos-arm64 0.1.6 35.00 OK
r-oldrel-macos-x86_64 0.1.6 53.00 OK
r-oldrel-windows-x86_64 0.1.6 5.00 92.00 97.00 OK

Check Details

Version: 0.1.6
Check: re-building of vignette outputs
Result: WARN Error(s) in re-building vignettes: ... --- re-building ‘PDQutils.Rnw’ using knitr Warning in eng_r(options) : Failed to tidy R code in chunk 'rsnak'. Reason: Error : The formatR package is required by the chunk option tidy = TRUE but not installed; tidy = TRUE will be ignored. Warning in eng_r(options) : Failed to tidy R code in chunk 'testit'. Reason: Error : The formatR package is required by the chunk option tidy = TRUE but not installed; tidy = TRUE will be ignored. Warning in eng_r(options) : Failed to tidy R code in chunk 'snakcu'. Reason: Error : The formatR package is required by the chunk option tidy = TRUE but not installed; tidy = TRUE will be ignored. Warning in eng_r(options) : Failed to tidy R code in chunk 'dpqsnak'. Reason: Error : The formatR package is required by the chunk option tidy = TRUE but not installed; tidy = TRUE will be ignored. Warning in eng_r(options) : Failed to tidy R code in chunk 'dpqsnak2'. Reason: Error : The formatR package is required by the chunk option tidy = TRUE but not installed; tidy = TRUE will be ignored. Warning in eng_r(options) : Failed to tidy R code in chunk 'improvedqq'. Reason: Error : The formatR package is required by the chunk option tidy = TRUE but not installed; tidy = TRUE will be ignored. Warning in eng_r(options) : Failed to tidy R code in chunk 'psnak_ecdf'. Reason: Error : The formatR package is required by the chunk option tidy = TRUE but not installed; tidy = TRUE will be ignored. Warning in eng_r(options) : Failed to tidy R code in chunk 'chisetup'. Reason: Error : The formatR package is required by the chunk option tidy = TRUE but not installed; tidy = TRUE will be ignored. Warning in eng_r(options) : Failed to tidy R code in chunk 'chitwo'. Reason: Error : The formatR package is required by the chunk option tidy = TRUE but not installed; tidy = TRUE will be ignored. Error: processing vignette 'PDQutils.Rnw' failed with diagnostics: Running 'texi2dvi' on 'PDQutils.tex' failed. LaTeX errors: ! Undefined control sequence. l.722 \hldef {rsnak} \hlkwb{<-} \hlkwa{function}\hldef{(}\hlkwc{n}\hldef{,}\h... ? ! Emergency stop. l.722 End of file on the terminal! ! ==> Fatal error occurred, no output PDF file produced! --- failed re-building ‘PDQutils.Rnw’ SUMMARY: processing the following file failed: ‘PDQutils.Rnw’ Error: Vignette re-building failed. Execution halted Flavor: r-devel-linux-x86_64-debian-gcc