CRAN Package Check Results for Package PEPBVS

Last updated on 2024-04-24 13:55:40 CEST.

Flavor Version Tinstall Tcheck Ttotal Status Flags
r-devel-linux-x86_64-debian-clang 1.0 38.47 98.70 137.17 NOTE
r-devel-linux-x86_64-debian-gcc 1.0 34.29 72.01 106.30 NOTE
r-devel-linux-x86_64-fedora-clang 1.0 185.38 NOTE
r-devel-linux-x86_64-fedora-gcc 1.0 185.49 NOTE
r-devel-windows-x86_64 1.0 36.00 123.00 159.00 NOTE
r-patched-linux-x86_64 1.0 43.53 92.58 136.11 NOTE
r-release-linux-x86_64 1.0 43.70 98.32 142.02 OK
r-release-macos-arm64 1.0 61.00 OK
r-release-windows-x86_64 1.0 37.00 120.00 157.00 NOTE
r-oldrel-macos-arm64 1.0 69.00 OK
r-oldrel-macos-x86_64 1.0 171.00 OK
r-oldrel-windows-x86_64 1.0 41.00 132.00 173.00 OK

Check Details

Version: 1.0
Check: Rd files
Result: NOTE checkRd: (-1) mc3_pep.Rd:53: Lost braces; missing escapes or markup? 53 | is not 2^{p} but the number of unique models `visited' by the | ^ Flavors: r-devel-linux-x86_64-debian-clang, r-devel-linux-x86_64-debian-gcc, r-devel-linux-x86_64-fedora-clang, r-devel-linux-x86_64-fedora-gcc, r-devel-windows-x86_64, r-patched-linux-x86_64, r-release-windows-x86_64