CRAN Package Check Results for Package PET

Last updated on 2019-11-20 03:48:34 CET.

Flavor Version Tinstall Tcheck Ttotal Status Flags
r-devel-linux-x86_64-debian-clang 0.5.1 10.53 40.12 50.65 NOTE
r-devel-linux-x86_64-debian-gcc 0.5.1 9.45 32.09 41.54 NOTE
r-devel-linux-x86_64-fedora-clang 0.5.1 64.57 NOTE
r-devel-linux-x86_64-fedora-gcc 0.5.1 63.59 NOTE
r-devel-windows-ix86+x86_64 0.5.1 32.00 77.00 109.00 OK
r-devel-windows-ix86+x86_64-gcc8 0.5.1 38.00 78.00 116.00 OK
r-patched-linux-x86_64 0.5.1 9.42 39.01 48.43 OK
r-patched-solaris-x86 0.5.1 91.90 OK
r-release-linux-x86_64 0.5.1 9.27 38.85 48.12 OK
r-release-windows-ix86+x86_64 0.5.1 31.00 97.00 128.00 OK
r-release-osx-x86_64 0.5.1 OK
r-oldrel-windows-ix86+x86_64 0.5.1 30.00 84.00 114.00 OK
r-oldrel-osx-x86_64 0.5.1 OK

Check Details

Version: 0.5.1
Check: for non-standard things in the check directory
Result: NOTE
    Found the following files/directories:
     'Phantom.pet'
Flavors: r-devel-linux-x86_64-debian-clang, r-devel-linux-x86_64-debian-gcc, r-devel-linux-x86_64-fedora-clang, r-devel-linux-x86_64-fedora-gcc