CRAN Package Check Results for Package PGRdup

Last updated on 2019-12-09 13:49:54 CET.

Flavor Version Tinstall Tcheck Ttotal Status Flags
r-devel-linux-x86_64-debian-clang 0.2.3.4 10.33 142.26 152.59 OK
r-devel-linux-x86_64-debian-gcc 0.2.3.4 6.45 189.89 196.34 OK
r-devel-linux-x86_64-fedora-clang 0.2.3.4 159.81 OK
r-devel-linux-x86_64-fedora-gcc 0.2.3.4 191.20 OK
r-devel-windows-ix86+x86_64 0.2.3.4 19.00 131.00 150.00 OK
r-devel-windows-ix86+x86_64-gcc8 0.2.3.4 24.00 132.00 156.00 OK
r-patched-linux-x86_64 0.2.3.4 6.72 136.15 142.87 OK
r-patched-solaris-x86 0.2.3.4 109.80 WARN
r-release-linux-x86_64 0.2.3.4 7.64 132.52 140.16 OK
r-release-windows-ix86+x86_64 0.2.3.4 20.00 127.00 147.00 OK
r-release-osx-x86_64 0.2.3.4 WARN
r-oldrel-windows-ix86+x86_64 0.2.3.4 13.00 131.00 144.00 OK
r-oldrel-osx-x86_64 0.2.3.4 WARN

Check Details

Version: 0.2.3.4
Check: re-building of vignette outputs
Result: WARN
    Error(s) in re-building vignettes:
     ...
    --- re-building ‘Introduction.Rmd’ using rmarkdown_notangle
    Warning in engine$weave(file, quiet = quiet, encoding = enc) :
     Pandoc (>= 1.12.3) and/or pandoc-citeproc not available. Falling back to R Markdown v1.
    Quitting from lines 48-59 (Introduction.Rmd)
    Error: processing vignette 'Introduction.Rmd' failed with diagnostics:
    EXPR must be a length 1 vector
    --- failed re-building ‘Introduction.Rmd’
    
    SUMMARY: processing the following file failed:
     ‘Introduction.Rmd’
    
    Error: Vignette re-building failed.
    Execution halted
Flavors: r-patched-solaris-x86, r-release-osx-x86_64

Version: 0.2.3.4
Check: re-building of vignette outputs
Result: WARN
    Error in re-building vignettes:
     ...
    Warning in engine$weave(file, quiet = quiet, encoding = enc) :
     Pandoc (>= 1.12.3) and/or pandoc-citeproc not available. Falling back to R Markdown v1.
    Quitting from lines 48-59 (Introduction.Rmd)
    Error: processing vignette 'Introduction.Rmd' failed with diagnostics:
    EXPR must be a length 1 vector
    Execution halted
Flavor: r-oldrel-osx-x86_64