Last updated on 2023-02-02 15:54:39 CET.
Flavor | Version | Tinstall | Tcheck | Ttotal | Status | Flags |
---|---|---|---|---|---|---|
r-devel-linux-x86_64-debian-clang | 2.0.6 | 42.97 | 87.62 | 130.59 | NOTE | |
r-devel-linux-x86_64-debian-gcc | 2.0.6 | 30.62 | 64.25 | 94.87 | NOTE | |
r-devel-linux-x86_64-fedora-clang | 2.0.6 | 178.02 | NOTE | |||
r-devel-linux-x86_64-fedora-gcc | 2.0.6 | 177.39 | NOTE | |||
r-devel-windows-x86_64 | 2.0.6 | 51.00 | 141.00 | 192.00 | NOTE | |
r-patched-linux-x86_64 | 2.0.6 | 29.41 | 84.88 | 114.29 | OK | |
r-release-linux-x86_64 | 2.0.6 | 30.89 | 82.72 | 113.61 | OK | |
r-release-macos-arm64 | 2.0.6 | 43.00 | OK | |||
r-release-macos-x86_64 | 2.0.6 | 67.00 | OK | |||
r-release-windows-x86_64 | 2.0.6 | 47.00 | 143.00 | 190.00 | OK | |
r-oldrel-macos-arm64 | 2.0.6 | 41.00 | OK | |||
r-oldrel-macos-x86_64 | 2.0.6 | 58.00 | OK | |||
r-oldrel-windows-ix86+x86_64 | 2.0.6 | 98.00 | 146.00 | 244.00 | OK |
Version: 2.0.6
Check: C++ specification
Result: NOTE
Specified C++11: please update to current default of C++17
Flavors: r-devel-linux-x86_64-debian-clang, r-devel-linux-x86_64-debian-gcc, r-devel-linux-x86_64-fedora-clang, r-devel-linux-x86_64-fedora-gcc, r-devel-windows-x86_64