CRAN Package Check Results for Package PK

Last updated on 2020-03-30 18:49:07 CEST.

Flavor Version Tinstall Tcheck Ttotal Status Flags
r-devel-linux-x86_64-debian-clang 1.3-4 6.53 46.97 53.50 ERROR
r-devel-linux-x86_64-debian-gcc 1.3-4 5.48 35.39 40.87 ERROR
r-devel-linux-x86_64-fedora-clang 1.3-4 62.71 ERROR
r-devel-linux-x86_64-fedora-gcc 1.3-4 61.62 ERROR
r-devel-windows-ix86+x86_64 1.3-4 10.00 78.00 88.00 ERROR
r-devel-windows-ix86+x86_64-gcc8 1.3-4 10.00 53.00 63.00 ERROR
r-patched-linux-x86_64 1.3-4 5.93 45.68 51.61 ERROR
r-patched-solaris-x86 1.3-4 83.40 ERROR
r-release-linux-x86_64 1.3-4 4.49 48.19 52.68 OK
r-release-windows-ix86+x86_64 1.3-4 9.00 82.00 91.00 OK
r-release-osx-x86_64 1.3-4 OK
r-oldrel-windows-ix86+x86_64 1.3-4 7.00 58.00 65.00 OK
r-oldrel-osx-x86_64 1.3-4 OK

Check Details

Version: 1.3-4
Check: examples
Result: ERROR
    Running examples in 'PK-Ex.R' failed
    The error most likely occurred in:
    
    > base::assign(".ptime", proc.time(), pos = "CheckExEnv")
    > ### Name: nca
    > ### Title: Estimation of various PK parameters
    > ### Aliases: nca nca.ssd nca.batch nca.complete
    > ### Keywords: htest
    >
    > ### ** Examples
    >
    > #### serial sampling designs
    > ## example for a serial sampling data design from Wolfsegger and Jaki (2009)
    > conc <- c(0, 0, 0, 2.01, 2.85, 2.43, 0.85, 1.00, 0.91, 0.46, 0.35, 0.63, 0.39, 0.32,
    + 0.45, 0.11, 0.18, 0.19, 0.08, 0.09, 0.06)
    > time <- c(rep(0,3), rep(5/60,3), rep(3,3), rep(6,3), rep(9,3), rep(16,3), rep(24,3))
    >
    > # Direct call of the function
    > # CAUTION: this might take a few minutes
    > # Note: 1E4 bootstrap replications were used in the example given
    > # in Wolfsegger and Jaki (2009)
    > set.seed(34534)
    > nca.ssd(conc=conc, time=time, n.tail=4, dose=200, method=c("z","boott"),
    + conf.level=0.95, nsample=500)
    Error in `.rowNamesDF<-`(x, value = value) : invalid 'row.names' length
    Calls: nca.ssd ... row.names<- -> row.names<-.data.frame -> .rowNamesDF<-
    Execution halted
Flavors: r-devel-linux-x86_64-debian-clang, r-devel-linux-x86_64-debian-gcc, r-patched-linux-x86_64

Version: 1.3-4
Check: examples
Result: ERROR
    Running examples in ‘PK-Ex.R’ failed
    The error most likely occurred in:
    
    > ### Name: nca
    > ### Title: Estimation of various PK parameters
    > ### Aliases: nca nca.ssd nca.batch nca.complete
    > ### Keywords: htest
    >
    > ### ** Examples
    >
    > #### serial sampling designs
    > ## example for a serial sampling data design from Wolfsegger and Jaki (2009)
    > conc <- c(0, 0, 0, 2.01, 2.85, 2.43, 0.85, 1.00, 0.91, 0.46, 0.35, 0.63, 0.39, 0.32,
    + 0.45, 0.11, 0.18, 0.19, 0.08, 0.09, 0.06)
    > time <- c(rep(0,3), rep(5/60,3), rep(3,3), rep(6,3), rep(9,3), rep(16,3), rep(24,3))
    >
    > # Direct call of the function
    > # CAUTION: this might take a few minutes
    > # Note: 1E4 bootstrap replications were used in the example given
    > # in Wolfsegger and Jaki (2009)
    > set.seed(34534)
    > nca.ssd(conc=conc, time=time, n.tail=4, dose=200, method=c("z","boott"),
    + conf.level=0.95, nsample=500)
    Error in `.rowNamesDF<-`(x, value = value) : invalid 'row.names' length
    Calls: nca.ssd ... row.names<- -> row.names<-.data.frame -> .rowNamesDF<-
    Execution halted
Flavors: r-devel-linux-x86_64-fedora-clang, r-devel-linux-x86_64-fedora-gcc, r-devel-windows-ix86+x86_64, r-devel-windows-ix86+x86_64-gcc8, r-patched-solaris-x86