Last updated on 2022-05-20 19:51:02 CEST.
Flavor | Version | Tinstall | Tcheck | Ttotal | Status | Flags |
---|---|---|---|---|---|---|
r-devel-linux-x86_64-debian-clang | 0.1-11 | 8.21 | 37.64 | 45.85 | OK | |
r-devel-linux-x86_64-debian-gcc | 0.1-11 | 5.68 | 29.01 | 34.69 | OK | |
r-devel-linux-x86_64-fedora-clang | 0.1-11 | 55.23 | OK | |||
r-devel-linux-x86_64-fedora-gcc | 0.1-11 | 56.27 | OK | |||
r-devel-windows-x86_64 | 0.1-11 | 28.00 | 76.00 | 104.00 | OK | |
r-patched-linux-x86_64 | 0.1-11 | 6.69 | 35.23 | 41.92 | OK | |
r-release-linux-x86_64 | 0.1-11 | 5.93 | 35.53 | 41.46 | OK | |
r-release-macos-arm64 | 0.1-11 | 28.00 | WARN | |||
r-release-macos-x86_64 | 0.1-11 | 29.00 | OK | |||
r-release-windows-x86_64 | 0.1-11 | 18.00 | 73.00 | 91.00 | OK | |
r-oldrel-macos-arm64 | 0.1-11 | 29.00 | WARN | |||
r-oldrel-macos-x86_64 | 0.1-11 | 29.00 | OK | |||
r-oldrel-windows-ix86+x86_64 | 0.1-11 | 18.00 | 78.00 | 96.00 | NOTE |
Version: 0.1-11
Check: whether package can be installed
Result: WARN
Found the following significant warnings:
pki-x509.c:486:2: warning: 'CC_MD5' is deprecated: first deprecated in macOS 10.15 - This function is cryptographically broken and should not be used in security contexts. Clients should migrate to SHA256 (or stronger). [-Wdeprecated-declarations]
Flavors: r-release-macos-arm64, r-oldrel-macos-arm64
Version: 0.1-11
Check: installed package size
Result: NOTE
installed size is 5.6Mb
sub-directories of 1Mb or more:
libs 5.5Mb
Flavor: r-oldrel-windows-ix86+x86_64